CRAN Package Check Results for Package spatialTIME

Last updated on 2021-09-25 13:52:02 CEST.

Flavor Version Tinstall Tcheck Ttotal Status Flags
r-devel-linux-x86_64-debian-clang 1.2.0 6.25 269.44 275.69 OK
r-devel-linux-x86_64-debian-gcc 1.2.0 5.95 203.49 209.44 OK
r-devel-linux-x86_64-fedora-clang 1.2.0 322.57 NOTE
r-devel-linux-x86_64-fedora-gcc 1.2.0 319.73 NOTE
r-devel-windows-x86_64 1.2.0 9.00 278.00 287.00 OK
r-devel-windows-x86_64-gcc10-UCRT 1.2.0 NOTE
r-patched-linux-x86_64 1.2.0 6.84 263.41 270.25 OK
r-patched-solaris-x86 1.2.0 98.30 NOTE
r-release-linux-x86_64 1.2.0 6.59 264.13 270.72 OK
r-release-macos-arm64 1.2.0 NOTE
r-release-macos-x86_64 1.2.0 NOTE
r-release-windows-ix86+x86_64 1.2.0 13.00 301.00 314.00 OK
r-oldrel-macos-x86_64 1.2.0 NOTE
r-oldrel-windows-ix86+x86_64 1.2.0 11.00 276.00 287.00 OK

Check Details

Version: 1.2.0
Check: dependencies in R code
Result: NOTE
    Namespaces in Imports field not imported from:
     ‘ggpubr’ ‘pheatmap’ ‘rlist’ ‘stats’ ‘viridis’
     All declared Imports should be used.
Flavors: r-devel-linux-x86_64-fedora-clang, r-devel-linux-x86_64-fedora-gcc, r-devel-windows-x86_64-gcc10-UCRT, r-patched-solaris-x86, r-release-macos-arm64, r-release-macos-x86_64, r-oldrel-macos-x86_64