Last updated on 2023-03-21 19:04:15 CET.
Flavor | Version | Tinstall | Tcheck | Ttotal | Status | Flags |
---|---|---|---|---|---|---|
r-devel-linux-x86_64-debian-clang | 0.1.1 | 8.61 | 67.16 | 75.77 | NOTE | |
r-devel-linux-x86_64-debian-gcc | 0.1.1 | 6.80 | 49.90 | 56.70 | NOTE | |
r-devel-linux-x86_64-fedora-clang | 0.1.1 | 93.29 | NOTE | |||
r-devel-linux-x86_64-fedora-gcc | 0.1.1 | 90.32 | NOTE | |||
r-patched-linux-x86_64 | 0.1.1 | 13.34 | 63.65 | 76.99 | NOTE | |
r-release-linux-x86_64 | 0.1.1 | 5.61 | 62.95 | 68.56 | NOTE | |
r-release-macos-arm64 | 0.1.1 | 28.00 | NOTE | |||
r-release-macos-x86_64 | 0.1.1 | 51.00 | NOTE | |||
r-release-windows-x86_64 | 0.1.1 | 20.00 | 96.00 | 116.00 | NOTE | |
r-oldrel-macos-arm64 | 0.1.1 | 31.00 | NOTE | |||
r-oldrel-macos-x86_64 | 0.1.1 | 50.00 | NOTE | |||
r-oldrel-windows-ix86+x86_64 | 0.1.1 | 19.00 | 89.00 | 108.00 | NOTE |
Version: 0.1.1
Check: LazyData
Result: NOTE
'LazyData' is specified without a 'data' directory
Flavors: r-devel-linux-x86_64-debian-clang, r-devel-linux-x86_64-debian-gcc, r-devel-linux-x86_64-fedora-clang, r-devel-linux-x86_64-fedora-gcc, r-patched-linux-x86_64, r-release-linux-x86_64, r-release-macos-arm64, r-release-macos-x86_64, r-release-windows-x86_64, r-oldrel-macos-arm64, r-oldrel-macos-x86_64, r-oldrel-windows-ix86+x86_64