CRAN Package Check Results for Package sparcl

Last updated on 2024-04-19 12:59:36 CEST.

Flavor Version Tinstall Tcheck Ttotal Status Flags
r-devel-linux-x86_64-debian-clang 1.0.4 3.08 35.06 38.14 OK
r-devel-linux-x86_64-debian-gcc 1.0.4 OK
r-devel-linux-x86_64-fedora-clang 1.0.4 48.23 NOTE
r-devel-linux-x86_64-fedora-gcc 1.0.4 46.54 NOTE
r-prerel-macos-arm64 1.0.4 20.00 OK
r-prerel-windows-x86_64 1.0.4 6.00 46.00 52.00 OK
r-patched-linux-x86_64 1.0.4 3.06 34.08 37.14 OK
r-release-linux-x86_64 1.0.4 3.45 32.81 36.26 OK
r-release-macos-arm64 1.0.4 19.00 OK
r-release-macos-x86_64 1.0.4 28.00 OK
r-release-windows-x86_64 1.0.4 6.00 48.00 54.00 OK
r-oldrel-macos-arm64 1.0.4 18.00 OK
r-oldrel-windows-x86_64 1.0.4 11.00 54.00 65.00 OK

Check Details

Version: 1.0.4
Check: compiled code
Result: NOTE File ‘sparcl/libs/sparcl.so’: Found no calls to: ‘R_registerRoutines’, ‘R_useDynamicSymbols’ It is good practice to register native routines and to disable symbol search. See ‘Writing portable packages’ in the ‘Writing R Extensions’ manual. Flavors: r-devel-linux-x86_64-fedora-clang, r-devel-linux-x86_64-fedora-gcc