CRAN Package Check Results for Package spaMM

Last updated on 2022-10-07 06:53:25 CEST.

Flavor Version Tinstall Tcheck Ttotal Status Flags
r-devel-linux-x86_64-debian-clang 3.13.0 202.61 355.68 558.29 OK
r-devel-linux-x86_64-debian-gcc 3.13.0 173.80 263.17 436.97 OK
r-devel-linux-x86_64-fedora-clang 3.13.0 429.29 OK
r-devel-linux-x86_64-fedora-gcc 3.13.0 394.34 OK
r-devel-windows-x86_64 3.13.0 250.00 389.00 639.00 NOTE
r-patched-linux-x86_64 3.13.0 150.90 335.29 486.19 OK
r-release-linux-x86_64 3.13.0 144.21 338.60 482.81 OK
r-release-macos-arm64 3.13.0 156.00 NOTE
r-release-macos-x86_64 3.13.0 209.00 NOTE
r-release-windows-x86_64 3.13.0 246.00 384.00 630.00 NOTE
r-oldrel-macos-arm64 3.13.0 156.00 NOTE
r-oldrel-macos-x86_64 3.13.0 210.00 NOTE
r-oldrel-windows-ix86+x86_64 3.13.0 429.00 456.00 885.00 WARN

Check Details

Version: 3.13.0
Check: installed package size
Result: NOTE
     installed size is 5.2Mb
     sub-directories of 1Mb or more:
     R 2.4Mb
     libs 1.7Mb
Flavors: r-devel-windows-x86_64, r-release-macos-arm64, r-release-macos-x86_64, r-release-windows-x86_64, r-oldrel-macos-arm64, r-oldrel-macos-x86_64, r-oldrel-windows-ix86+x86_64

Version: 3.13.0
Check: for unstated dependencies in ‘tests’
Result: WARN
    Warning: unable to access index for repository https://bioconductor.org/packages/3.14/bioc/src/contrib:
     cannot open URL 'https://bioconductor.org/packages/3.14/bioc/src/contrib/PACKAGES'
    Warning: unable to access index for repository https://bioconductor.org/packages/3.14/data/annotation/src/contrib:
     cannot open URL 'https://bioconductor.org/packages/3.14/data/annotation/src/contrib/PACKAGES'
    Warning: unable to access index for repository https://bioconductor.org/packages/3.14/data/experiment/src/contrib:
     cannot open URL 'https://bioconductor.org/packages/3.14/data/experiment/src/contrib/PACKAGES'
Flavor: r-oldrel-windows-ix86+x86_64