CRAN Package Check Results for Package spNetwork

Last updated on 2024-02-22 21:51:54 CET.

Flavor Version Tinstall Tcheck Ttotal Status Flags
r-devel-linux-x86_64-debian-clang 0.4.3.8 NOTE
r-devel-linux-x86_64-debian-gcc 0.4.3.8 202.17 285.69 487.86 NOTE
r-devel-linux-x86_64-fedora-clang 0.4.3.8 906.37 NOTE
r-devel-linux-x86_64-fedora-gcc 0.4.3.8 923.89 NOTE
r-devel-windows-x86_64 0.4.3.8 198.00 326.00 524.00 NOTE
r-patched-linux-x86_64 0.4.3.8 254.71 381.88 636.59 OK
r-release-linux-x86_64 0.4.3.8 254.16 380.84 635.00 OK
r-release-macos-arm64 0.4.3.8 192.00 NOTE
r-release-macos-x86_64 0.4.3.8 396.00 NOTE
r-release-windows-x86_64 0.4.3.8 250.00 417.00 667.00 NOTE
r-oldrel-macos-arm64 0.4.3.8 167.00 NOTE
r-oldrel-windows-x86_64 0.4.3.8 239.00 378.00 617.00 NOTE

Check Details

Version: 0.4.3.8
Check: Rd files
Result: NOTE checkRd: (-1) cross_kfunctions.Rd:74-75: Lost braces in \itemize; \value handles \item{}{} directly checkRd: (-1) cross_kfunctions.Rd:76-77: Lost braces in \itemize; \value handles \item{}{} directly checkRd: (-1) cross_kfunctions.Rd:77-78: Lost braces in \itemize; \value handles \item{}{} directly checkRd: (-1) cross_kfunctions.mc.Rd:74-75: Lost braces in \itemize; \value handles \item{}{} directly checkRd: (-1) cross_kfunctions.mc.Rd:76-77: Lost braces in \itemize; \value handles \item{}{} directly checkRd: (-1) cross_kfunctions.mc.Rd:77-78: Lost braces in \itemize; \value handles \item{}{} directly checkRd: (-1) k_nt_functions.Rd:85: Lost braces in \itemize; \value handles \item{}{} directly checkRd: (-1) k_nt_functions.Rd:86: Lost braces in \itemize; \value handles \item{}{} directly checkRd: (-1) k_nt_functions.Rd:87: Lost braces in \itemize; \value handles \item{}{} directly checkRd: (-1) k_nt_functions.Rd:88: Lost braces in \itemize; \value handles \item{}{} directly checkRd: (-1) k_nt_functions.Rd:89: Lost braces in \itemize; \value handles \item{}{} directly checkRd: (-1) k_nt_functions.Rd:90: Lost braces in \itemize; \value handles \item{}{} directly checkRd: (-1) k_nt_functions.Rd:91: Lost braces in \itemize; \value handles \item{}{} directly checkRd: (-1) k_nt_functions.Rd:92: Lost braces in \itemize; \value handles \item{}{} directly checkRd: (-1) k_nt_functions.mc.Rd:85: Lost braces in \itemize; \value handles \item{}{} directly checkRd: (-1) k_nt_functions.mc.Rd:86: Lost braces in \itemize; \value handles \item{}{} directly checkRd: (-1) k_nt_functions.mc.Rd:87: Lost braces in \itemize; \value handles \item{}{} directly checkRd: (-1) k_nt_functions.mc.Rd:88: Lost braces in \itemize; \value handles \item{}{} directly checkRd: (-1) k_nt_functions.mc.Rd:89: Lost braces in \itemize; \value handles \item{}{} directly checkRd: (-1) k_nt_functions.mc.Rd:90: Lost braces in \itemize; \value handles \item{}{} directly checkRd: (-1) k_nt_functions.mc.Rd:91: Lost braces in \itemize; \value handles \item{}{} directly checkRd: (-1) k_nt_functions.mc.Rd:92: Lost braces in \itemize; \value handles \item{}{} directly checkRd: (-1) kfunctions.Rd:70-71: Lost braces in \itemize; \value handles \item{}{} directly checkRd: (-1) kfunctions.Rd:71-72: Lost braces in \itemize; \value handles \item{}{} directly checkRd: (-1) kfunctions.Rd:72-73: Lost braces in \itemize; \value handles \item{}{} directly checkRd: (-1) kfunctions.mc.Rd:70-71: Lost braces in \itemize; \value handles \item{}{} directly checkRd: (-1) kfunctions.mc.Rd:71-72: Lost braces in \itemize; \value handles \item{}{} directly checkRd: (-1) kfunctions.mc.Rd:72-73: Lost braces in \itemize; \value handles \item{}{} directly checkRd: (-1) nkde.Rd:122-126: Lost braces in \itemize; meant \describe ? checkRd: (-1) nkde.Rd:127-133: Lost braces in \itemize; meant \describe ? checkRd: (-1) nkde.Rd:134-138: Lost braces in \itemize; meant \describe ? Flavors: r-devel-linux-x86_64-debian-clang, r-devel-linux-x86_64-debian-gcc, r-devel-linux-x86_64-fedora-clang, r-devel-linux-x86_64-fedora-gcc

Version: 0.4.3.8
Check: installed package size
Result: NOTE installed size is 6.0Mb sub-directories of 1Mb or more: doc 1.1Mb extdata 2.6Mb Flavors: r-devel-linux-x86_64-fedora-clang, r-devel-windows-x86_64, r-release-macos-arm64, r-release-macos-x86_64, r-release-windows-x86_64, r-oldrel-macos-arm64, r-oldrel-windows-x86_64