CRAN Package Check Results for Package spFSR

Last updated on 2022-10-01 01:49:18 CEST.

Flavor Version Tinstall Tcheck Ttotal Status Flags
r-devel-linux-x86_64-debian-clang 1.0.0 12.27 124.30 136.57 NOTE
r-devel-linux-x86_64-debian-gcc 1.0.0 8.20 91.58 99.78 NOTE
r-devel-linux-x86_64-fedora-clang 1.0.0 183.04 NOTE
r-devel-linux-x86_64-fedora-gcc 1.0.0 173.52 NOTE
r-devel-windows-x86_64 1.0.0 18.00 179.00 197.00 NOTE
r-patched-linux-x86_64 1.0.0 11.39 118.27 129.66 NOTE
r-release-linux-x86_64 1.0.0 13.13 117.81 130.94 NOTE
r-release-macos-arm64 1.0.0 68.00 NOTE
r-release-macos-x86_64 1.0.0 116.00 NOTE
r-release-windows-x86_64 1.0.0 14.00 178.00 192.00 NOTE
r-oldrel-macos-arm64 1.0.0 79.00 NOTE
r-oldrel-macos-x86_64 1.0.0 115.00 NOTE
r-oldrel-windows-ix86+x86_64 1.0.0 29.00 182.00 211.00 NOTE

Check Details

Version: 1.0.0
Check: LazyData
Result: NOTE
     'LazyData' is specified without a 'data' directory
Flavors: r-devel-linux-x86_64-debian-clang, r-devel-linux-x86_64-debian-gcc, r-devel-linux-x86_64-fedora-clang, r-devel-linux-x86_64-fedora-gcc, r-devel-windows-x86_64, r-patched-linux-x86_64, r-release-linux-x86_64, r-release-macos-arm64, r-release-macos-x86_64, r-release-windows-x86_64, r-oldrel-macos-arm64, r-oldrel-macos-x86_64, r-oldrel-windows-ix86+x86_64

Version: 1.0.0
Check: dependencies in R code
Result: NOTE
    Namespaces in Imports field not imported from:
     ‘class’ ‘mlbench’
     All declared Imports should be used.
Flavors: r-devel-linux-x86_64-fedora-clang, r-devel-linux-x86_64-fedora-gcc, r-release-macos-arm64, r-release-macos-x86_64, r-oldrel-macos-arm64, r-oldrel-macos-x86_64