CRAN Package Check Results for Package spData

Last updated on 2021-06-23 13:52:04 CEST.

Flavor Version Tinstall Tcheck Ttotal Status Flags
r-devel-linux-x86_64-debian-clang 0.3.10 8.36 94.64 103.00 NOTE
r-devel-linux-x86_64-debian-gcc 0.3.10 8.73 74.52 83.25 NOTE
r-devel-linux-x86_64-fedora-clang 0.3.10 134.25 NOTE
r-devel-linux-x86_64-fedora-gcc 0.3.10 134.90 NOTE
r-devel-windows-x86_64 0.3.10 15.00 126.00 141.00 NOTE
r-devel-windows-x86_64-gcc10-UCRT 0.3.10 NOTE
r-patched-linux-x86_64 0.3.10 10.46 93.39 103.85 NOTE
r-patched-solaris-x86 0.3.10 177.40 NOTE
r-release-linux-x86_64 0.3.10 9.17 91.21 100.38 NOTE
r-release-macos-arm64 0.3.8 NOTE
r-release-macos-x86_64 0.3.10 NOTE
r-release-windows-ix86+x86_64 0.3.10 23.00 165.00 188.00 NOTE
r-oldrel-macos-x86_64 0.3.10 NOTE
r-oldrel-windows-ix86+x86_64 0.3.10 24.00 123.00 147.00 NOTE

Check Details

Version: 0.3.10
Check: package dependencies
Result: NOTE
    Package suggested but not available for checking: 'spDataLarge'
Flavors: r-devel-linux-x86_64-debian-clang, r-devel-linux-x86_64-debian-gcc, r-devel-linux-x86_64-fedora-clang, r-devel-linux-x86_64-fedora-gcc, r-devel-windows-x86_64, r-devel-windows-x86_64-gcc10-UCRT, r-patched-linux-x86_64, r-patched-solaris-x86, r-release-linux-x86_64, r-release-macos-x86_64, r-release-windows-ix86+x86_64, r-oldrel-macos-x86_64, r-oldrel-windows-ix86+x86_64

Version: 0.3.10
Check: installed package size
Result: NOTE
     installed size is 6.5Mb
     sub-directories of 1Mb or more:
     data 2.6Mb
     shapes 3.2Mb
Flavors: r-devel-linux-x86_64-fedora-clang, r-devel-windows-x86_64, r-patched-solaris-x86, r-release-macos-x86_64, r-release-windows-ix86+x86_64, r-oldrel-macos-x86_64, r-oldrel-windows-ix86+x86_64

Version: 0.3.10
Check: data for non-ASCII characters
Result: NOTE
     Note: found 56 marked UTF-8 strings
Flavors: r-devel-linux-x86_64-fedora-clang, r-devel-linux-x86_64-fedora-gcc, r-devel-windows-x86_64-gcc10-UCRT, r-patched-solaris-x86, r-release-macos-x86_64, r-oldrel-macos-x86_64

Version: 0.3.8
Check: package dependencies
Result: NOTE
    Packages suggested but not available for checking:
     'rgdal', 'sf', 'spDataLarge', 'spdep', 'spatialreg'
Flavor: r-release-macos-arm64

Version: 0.3.8
Check: installed package size
Result: NOTE
     installed size is 6.5Mb
     sub-directories of 1Mb or more:
     data 2.6Mb
     shapes 3.2Mb
Flavor: r-release-macos-arm64

Version: 0.3.8
Check: data for non-ASCII characters
Result: NOTE
     Note: found 56 marked UTF-8 strings
Flavor: r-release-macos-arm64