CRAN Package Check Results for Package soobench

Last updated on 2021-08-02 19:51:06 CEST.

Flavor Version Tinstall Tcheck Ttotal Status Flags
r-devel-linux-x86_64-debian-clang 1.9.18 9.32 80.97 90.29 NOTE
r-devel-linux-x86_64-debian-gcc 1.9.18 6.94 58.77 65.71 NOTE
r-devel-linux-x86_64-fedora-clang 1.9.18 109.86 NOTE
r-devel-linux-x86_64-fedora-gcc 1.9.18 101.96 NOTE
r-devel-windows-x86_64 1.9.18 19.00 99.00 118.00 NOTE
r-devel-windows-x86_64-gcc10-UCRT 1.9.18 NOTE
r-patched-linux-x86_64 1.9.18 NOTE
r-patched-solaris-x86 1.9.18 144.80 NOTE
r-release-linux-x86_64 1.9.18 8.05 73.73 81.78 NOTE
r-release-macos-arm64 1.9.18 NOTE
r-release-macos-x86_64 1.9.18 NOTE
r-release-windows-ix86+x86_64 1.9.18 37.00 116.00 153.00 NOTE
r-oldrel-macos-x86_64 1.9.18 OK
r-oldrel-windows-ix86+x86_64 1.9.18 37.00 158.00 195.00 OK

Check Details

Version: 1.9.18
Check: LazyData
Result: NOTE
     'LazyData' is specified without a 'data' directory
Flavors: r-devel-linux-x86_64-debian-clang, r-devel-linux-x86_64-debian-gcc, r-devel-linux-x86_64-fedora-clang, r-devel-linux-x86_64-fedora-gcc, r-devel-windows-x86_64, r-devel-windows-x86_64-gcc10-UCRT, r-patched-linux-x86_64, r-patched-solaris-x86, r-release-linux-x86_64, r-release-macos-arm64, r-release-macos-x86_64, r-release-windows-ix86+x86_64