CRAN Package Check Results for Package sommer

Last updated on 2022-01-26 07:53:00 CET.

Flavor Version Tinstall Tcheck Ttotal Status Flags
r-devel-linux-x86_64-debian-clang 4.1.5 81.01 166.21 247.22 OK --no-vignettes
r-devel-linux-x86_64-debian-gcc 4.1.5 64.21 127.53 191.74 OK --no-vignettes
r-devel-linux-x86_64-fedora-clang 4.1.5 319.68 NOTE --no-vignettes
r-devel-linux-x86_64-fedora-gcc 4.1.5 308.66 OK --no-vignettes
r-devel-windows-x86_64-new-UL 4.1.5 124.00 233.00 357.00 NOTE --no-vignettes
r-devel-windows-x86_64-new-TK 4.1.5 OK --no-vignettes
r-patched-linux-x86_64 4.1.5 79.06 161.39 240.45 OK --no-vignettes
r-release-linux-x86_64 4.1.5 65.53 160.18 225.71 OK --no-vignettes
r-release-macos-arm64 4.1.5 NOTE
r-release-macos-x86_64 4.1.5 NOTE
r-release-windows-ix86+x86_64 4.1.5 170.00 205.00 375.00 NOTE --no-vignettes
r-oldrel-macos-x86_64 4.1.5 NOTE
r-oldrel-windows-ix86+x86_64 4.1.5 169.00 202.00 371.00 NOTE --no-vignettes

Check Details

Version: 4.1.5
Flags: --no-vignettes
Check: installed package size
Result: NOTE
     installed size is 11.4Mb
     sub-directories of 1Mb or more:
     data 1.4Mb
     doc 2.9Mb
     libs 6.2Mb
Flavors: r-devel-linux-x86_64-fedora-clang, r-devel-windows-x86_64-new-UL, r-release-windows-ix86+x86_64, r-oldrel-windows-ix86+x86_64

Version: 4.1.5
Check: installed package size
Result: NOTE
     installed size is 13.6Mb
     sub-directories of 1Mb or more:
     data 1.4Mb
     doc 2.9Mb
     libs 8.4Mb
Flavors: r-release-macos-arm64, r-release-macos-x86_64, r-oldrel-macos-x86_64