Last updated on 2023-09-29 00:57:01 CEST.
Flavor | Version | Tinstall | Tcheck | Ttotal | Status | Flags |
---|---|---|---|---|---|---|
r-devel-linux-x86_64-debian-clang | 1.1.0 | 5.89 | 63.02 | 68.91 | NOTE | |
r-devel-linux-x86_64-debian-gcc | 1.1.0 | 3.84 | 45.95 | 49.79 | NOTE | |
r-devel-linux-x86_64-fedora-clang | 1.1.0 | 81.23 | NOTE | |||
r-devel-linux-x86_64-fedora-gcc | 1.1.0 | 79.83 | NOTE | |||
r-devel-windows-x86_64 | 1.1.0 | 5.00 | 66.00 | 71.00 | NOTE | |
r-patched-linux-x86_64 | 1.1.0 | 6.57 | 61.50 | 68.07 | NOTE | |
r-release-linux-x86_64 | 1.1.0 | 6.11 | 59.32 | 65.43 | NOTE | |
r-release-macos-arm64 | 1.1.0 | 25.00 | NOTE | |||
r-release-macos-x86_64 | 1.1.0 | 43.00 | NOTE | |||
r-release-windows-x86_64 | 1.1.0 | 5.00 | 77.00 | 82.00 | NOTE | |
r-oldrel-macos-arm64 | 1.1.0 | 31.00 | NOTE | |||
r-oldrel-macos-x86_64 | 1.1.0 | 42.00 | NOTE | |||
r-oldrel-windows-x86_64 | 1.1.0 | 7.00 | 77.00 | 84.00 | NOTE |
Version: 1.1.0
Check: Rd \usage sections
Result: NOTE
Documented arguments not in \usage in documentation object 'som.nn.do.train':
‘model’
Documented arguments not in \usage in documentation object 'som.nn.som.internal':
‘rlen’
Functions with \usage entries need to have the appropriate \alias
entries, and all their arguments documented.
The \usage entries must correspond to syntactically valid R code.
See chapter ‘Writing R documentation files’ in the ‘Writing R
Extensions’ manual.
S3 methods shown with full name in documentation object 'plot.predictions':
‘plot.predictions’
The \usage entries for S3 methods should use the \method markup and not
their full name.
See chapter ‘Writing R documentation files’ in the ‘Writing R
Extensions’ manual.
Flavors: r-devel-linux-x86_64-debian-clang, r-devel-linux-x86_64-debian-gcc, r-devel-linux-x86_64-fedora-clang, r-devel-linux-x86_64-fedora-gcc, r-devel-windows-x86_64
Version: 1.1.0
Check: LazyData
Result: NOTE
'LazyData' is specified without a 'data' directory
Flavors: r-devel-linux-x86_64-debian-clang, r-devel-linux-x86_64-debian-gcc, r-devel-linux-x86_64-fedora-clang, r-devel-linux-x86_64-fedora-gcc, r-devel-windows-x86_64, r-patched-linux-x86_64, r-release-linux-x86_64, r-release-macos-arm64, r-release-macos-x86_64, r-release-windows-x86_64, r-oldrel-macos-arm64, r-oldrel-macos-x86_64, r-oldrel-windows-x86_64
Version: 1.1.0
Check: Rd \usage sections
Result: NOTE
S3 methods shown with full name in documentation object 'plot.predictions':
‘plot.predictions’
The \usage entries for S3 methods should use the \method markup and not
their full name.
See chapter ‘Writing R documentation files’ in the ‘Writing R
Extensions’ manual.
Flavors: r-patched-linux-x86_64, r-release-linux-x86_64, r-release-macos-arm64, r-release-macos-x86_64, r-release-windows-x86_64