CRAN Package Check Results for Package soilassessment

Last updated on 2022-10-05 21:53:47 CEST.

Flavor Version Tinstall Tcheck Ttotal Status Flags
r-devel-linux-x86_64-debian-clang 0.2.4 69.22 495.78 565.00 OK
r-devel-linux-x86_64-debian-gcc 0.2.4 53.47 365.22 418.69 OK
r-devel-linux-x86_64-fedora-clang 0.2.4 699.39 OK
r-devel-linux-x86_64-fedora-gcc 0.2.4 666.85 OK
r-devel-windows-x86_64 0.2.4 176.00 491.00 667.00 OK
r-patched-linux-x86_64 0.2.4 79.74 518.62 598.36 OK
r-release-linux-x86_64 0.2.4 79.30 520.61 599.91 OK
r-release-macos-arm64 0.2.4 268.00 OK
r-release-macos-x86_64 0.2.4 420.00 OK
r-release-windows-x86_64 0.2.4 284.00 488.00 772.00 OK
r-oldrel-macos-arm64 0.2.4 225.00 OK
r-oldrel-macos-x86_64 0.2.4 299.00 OK
r-oldrel-windows-ix86+x86_64 0.2.4 127.00 483.00 610.00 ERROR

Check Details

Version: 0.2.4
Check: PDF version of manual
Result: WARN
    LaTeX errors when creating PDF version.
    This typically indicates Rd problems.
    LaTeX errors found:
    ! Package inputenc Error: Unicode char รข<c2><80><c2><90> (U+2010)
    (inputenc) not set up for use with LaTeX.
    
    See the inputenc package documentation for explanation.
    Type H <return> for immediate help.
Flavor: r-oldrel-windows-ix86+x86_64

Version: 0.2.4
Check: PDF version of manual without hyperrefs or index
Result: ERROR
Flavor: r-oldrel-windows-ix86+x86_64