CRAN Package Check Results for Package snem

Last updated on 2022-09-30 12:55:22 CEST.

Flavor Version Tinstall Tcheck Ttotal Status Flags
r-devel-linux-x86_64-debian-clang 0.1.1 1.95 24.68 26.63 NOTE
r-devel-linux-x86_64-debian-gcc 0.1.1 1.44 18.47 19.91 NOTE
r-devel-linux-x86_64-fedora-clang 0.1.1 46.05 NOTE
r-devel-linux-x86_64-fedora-gcc 0.1.1 41.56 NOTE
r-devel-windows-x86_64 0.1.1 8.00 49.00 57.00 NOTE
r-patched-linux-x86_64 0.1.1 2.11 22.63 24.74 NOTE
r-release-linux-x86_64 0.1.1 2.09 22.90 24.99 NOTE
r-release-macos-arm64 0.1.1 16.00 NOTE
r-release-macos-x86_64 0.1.1 20.00 NOTE
r-release-windows-x86_64 0.1.1 6.00 47.00 53.00 NOTE
r-oldrel-macos-arm64 0.1.1 19.00 NOTE
r-oldrel-macos-x86_64 0.1.1 26.00 NOTE
r-oldrel-windows-ix86+x86_64 0.1.1 5.00 47.00 52.00 NOTE

Check Details

Version: 0.1.1
Check: LazyData
Result: NOTE
     'LazyData' is specified without a 'data' directory
Flavors: r-devel-linux-x86_64-debian-clang, r-devel-linux-x86_64-debian-gcc, r-devel-linux-x86_64-fedora-clang, r-devel-linux-x86_64-fedora-gcc, r-devel-windows-x86_64, r-patched-linux-x86_64, r-release-linux-x86_64, r-release-macos-arm64, r-release-macos-x86_64, r-release-windows-x86_64, r-oldrel-macos-arm64, r-oldrel-macos-x86_64, r-oldrel-windows-ix86+x86_64