CRAN Package Check Results for Package smoothr

Last updated on 2021-07-23 19:50:17 CEST.

Flavor Version Tinstall Tcheck Ttotal Status Flags
r-devel-linux-x86_64-debian-clang 0.2.2 9.32 122.41 131.73 OK
r-devel-linux-x86_64-debian-gcc 0.2.2 6.88 90.96 97.84 OK
r-devel-linux-x86_64-fedora-clang 0.2.2 164.11 NOTE
r-devel-linux-x86_64-fedora-gcc 0.2.2 159.32 NOTE
r-devel-windows-x86_64 0.2.2 10.00 103.00 113.00 OK
r-devel-windows-x86_64-gcc10-UCRT 0.2.2 NOTE
r-patched-linux-x86_64 0.2.2 8.71 116.90 125.61 OK
r-patched-solaris-x86 0.2.2 153.80 NOTE
r-release-linux-x86_64 0.2.2 9.18 117.75 126.93 OK
r-release-macos-arm64 0.2.2 NOTE
r-release-macos-x86_64 0.2.2 NOTE
r-release-windows-ix86+x86_64 0.2.2 19.00 145.00 164.00 OK
r-oldrel-macos-x86_64 0.2.2 NOTE
r-oldrel-windows-ix86+x86_64 0.2.2 21.00 139.00 160.00 OK

Check Details

Version: 0.2.2
Check: dependencies in R code
Result: NOTE
    Namespaces in Imports field not imported from:
     ‘methods’ ‘rgeos’
     All declared Imports should be used.
Flavors: r-devel-linux-x86_64-fedora-clang, r-devel-linux-x86_64-fedora-gcc, r-devel-windows-x86_64-gcc10-UCRT, r-patched-solaris-x86, r-release-macos-arm64, r-release-macos-x86_64, r-oldrel-macos-x86_64