CRAN Package Check Results for Package smartmap

Last updated on 2025-01-13 18:49:31 CET.

Flavor Version Tinstall Tcheck Ttotal Status Flags
r-devel-linux-x86_64-debian-clang 0.1.1 4.32 40.41 44.73 NOTE
r-devel-linux-x86_64-debian-gcc 0.1.1 3.04 30.29 33.33 NOTE
r-devel-linux-x86_64-fedora-clang 0.1.1 69.92 NOTE
r-devel-linux-x86_64-fedora-gcc 0.1.1 66.19 NOTE
r-devel-windows-x86_64 0.1.1 8.00 57.00 65.00 NOTE
r-patched-linux-x86_64 0.1.1 4.53 37.88 42.41 NOTE
r-release-linux-x86_64 0.1.1 4.01 38.13 42.14 NOTE
r-release-macos-arm64 0.1.1 23.00 NOTE
r-release-macos-x86_64 0.1.1 37.00 NOTE
r-release-windows-x86_64 0.1.1 7.00 57.00 64.00 NOTE
r-oldrel-macos-arm64 0.1.1 30.00 NOTE
r-oldrel-macos-x86_64 0.1.1 43.00 NOTE
r-oldrel-windows-x86_64 0.1.1 7.00 62.00 69.00 NOTE

Check Details

Version: 0.1.1
Check: package subdirectories
Result: NOTE Problems with news in ‘NEWS.md’: No news entries found. Flavors: r-devel-linux-x86_64-debian-clang, r-devel-linux-x86_64-debian-gcc, r-devel-linux-x86_64-fedora-clang, r-devel-linux-x86_64-fedora-gcc, r-devel-windows-x86_64, r-patched-linux-x86_64, r-release-linux-x86_64, r-release-macos-arm64, r-release-macos-x86_64, r-release-windows-x86_64, r-oldrel-macos-arm64, r-oldrel-macos-x86_64, r-oldrel-windows-x86_64

Version: 0.1.1
Check: LazyData
Result: NOTE 'LazyData' is specified without a 'data' directory Flavors: r-patched-linux-x86_64, r-release-linux-x86_64, r-release-macos-arm64, r-release-macos-x86_64, r-release-windows-x86_64, r-oldrel-macos-arm64, r-oldrel-macos-x86_64, r-oldrel-windows-x86_64