CRAN Package Check Results for Package smartR

Last updated on 2021-06-22 07:49:45 CEST.

Flavor Version Tinstall Tcheck Ttotal Status Flags
r-devel-linux-x86_64-debian-clang 0.62.3 49.84 314.86 364.70 NOTE
r-devel-linux-x86_64-debian-gcc 0.62.3 37.44 236.02 273.46 NOTE
r-devel-linux-x86_64-fedora-clang 0.62.3 454.99 NOTE
r-devel-linux-x86_64-fedora-gcc 0.62.3 436.85 NOTE
r-devel-windows-x86_64 0.62.3 74.00 378.00 452.00 NOTE
r-devel-windows-x86_64-gcc10-UCRT 0.62.3 NOTE
r-patched-linux-x86_64 0.62.3 51.22 293.85 345.07 NOTE
r-patched-solaris-x86 0.62.3 644.20 NOTE
r-release-linux-x86_64 0.62.3 46.98 299.76 346.74 NOTE
r-release-macos-arm64 0.62.3 ERROR
r-release-macos-x86_64 0.62.3 NOTE
r-release-windows-ix86+x86_64 0.62.3 103.00 389.00 492.00 NOTE
r-oldrel-macos-x86_64 0.62.3 NOTE

Check Details

Version: 0.62.3
Check: LazyData
Result: NOTE
     'LazyData' is specified without a 'data' directory
Flavors: r-devel-linux-x86_64-debian-clang, r-devel-linux-x86_64-debian-gcc, r-devel-linux-x86_64-fedora-clang, r-devel-linux-x86_64-fedora-gcc, r-devel-windows-x86_64, r-devel-windows-x86_64-gcc10-UCRT, r-patched-linux-x86_64, r-patched-solaris-x86, r-release-linux-x86_64, r-release-macos-x86_64, r-release-windows-ix86+x86_64

Version: 0.62.3
Check: package dependencies
Result: NOTE
    Imports includes 35 non-default packages.
    Importing from so many packages makes the package vulnerable to any of
    them becoming unavailable. Move as many as possible to Suggests and
    use conditionally.
Flavor: r-devel-linux-x86_64-fedora-clang

Version: 0.62.3
Check: installed package size
Result: NOTE
     installed size is 5.4Mb
     sub-directories of 1Mb or more:
     doc 2.6Mb
     extdata 1.3Mb
Flavors: r-devel-linux-x86_64-fedora-clang, r-devel-windows-x86_64, r-patched-solaris-x86, r-release-macos-x86_64, r-release-windows-ix86+x86_64, r-oldrel-macos-x86_64

Version: 0.62.3
Check: package dependencies
Result: ERROR
    Packages required but not available: 'rjags', 'gWidgets2RGtk2'
    
    See section ‘The DESCRIPTION file’ in the ‘Writing R Extensions’
    manual.
Flavor: r-release-macos-arm64