CRAN Package Check Results for Package smapr

Last updated on 2021-06-24 01:50:37 CEST.

Flavor Version Tinstall Tcheck Ttotal Status Flags
r-devel-linux-x86_64-debian-clang 0.2.1 8.27 87.64 95.91 NOTE
r-devel-linux-x86_64-debian-gcc 0.2.1 7.84 65.79 73.63 NOTE
r-devel-linux-x86_64-fedora-clang 0.2.1 124.67 NOTE
r-devel-linux-x86_64-fedora-gcc 0.2.1 113.65 NOTE
r-devel-windows-x86_64 0.2.1 13.00 108.00 121.00 NOTE
r-devel-windows-x86_64-gcc10-UCRT 0.2.1 ERROR
r-patched-linux-x86_64 0.2.1 9.34 82.68 92.02 NOTE
r-patched-solaris-x86 0.2.1 174.90 NOTE
r-release-linux-x86_64 0.2.1 7.91 82.85 90.76 NOTE
r-release-macos-arm64 0.2.1 NOTE
r-release-macos-x86_64 0.2.1 NOTE
r-release-windows-ix86+x86_64 0.2.1 14.00 93.00 107.00 NOTE
r-oldrel-macos-x86_64 0.2.1 OK

Check Details

Version: 0.2.1
Check: LazyData
Result: NOTE
     'LazyData' is specified without a 'data' directory
Flavors: r-devel-linux-x86_64-debian-clang, r-devel-linux-x86_64-debian-gcc, r-devel-linux-x86_64-fedora-clang, r-devel-linux-x86_64-fedora-gcc, r-devel-windows-x86_64, r-patched-linux-x86_64, r-patched-solaris-x86, r-release-linux-x86_64, r-release-macos-arm64, r-release-macos-x86_64, r-release-windows-ix86+x86_64

Version: 0.2.1
Check: package dependencies
Result: ERROR
    Packages required but not available: 'httr', 'rhdf5', 'rvest'
    
    Package suggested but not available for checking: 'covr'
    
    See section 'The DESCRIPTION file' in the 'Writing R Extensions'
    manual.
Flavor: r-devel-windows-x86_64-gcc10-UCRT

Version: 0.2.1
Check: package dependencies
Result: NOTE
    Package suggested but not available for checking: ‘rgdal’
Flavor: r-release-macos-arm64