CRAN Package Check Results for Package slippymath

Last updated on 2022-11-30 20:55:25 CET.

Flavor Version Tinstall Tcheck Ttotal Status Flags
r-devel-linux-x86_64-debian-clang 0.3.1 2.74 56.04 58.78 NOTE
r-devel-linux-x86_64-debian-gcc 0.3.1 2.06 42.92 44.98 NOTE
r-devel-linux-x86_64-fedora-clang 0.3.1 84.97 NOTE
r-devel-linux-x86_64-fedora-gcc 0.3.1 95.98 NOTE
r-devel-windows-x86_64 0.3.1 25.00 97.00 122.00 NOTE
r-patched-linux-x86_64 0.3.1 2.00 54.64 56.64 NOTE
r-release-linux-x86_64 0.3.1 2.14 54.12 56.26 NOTE
r-release-macos-arm64 0.3.1 25.00 NOTE
r-release-macos-x86_64 0.3.1 37.00 NOTE
r-release-windows-x86_64 0.3.1 25.00 95.00 120.00 NOTE
r-oldrel-macos-arm64 0.3.1 28.00 NOTE
r-oldrel-macos-x86_64 0.3.1 37.00 NOTE
r-oldrel-windows-ix86+x86_64 0.3.1 6.00 81.00 87.00 NOTE

Check Details

Version: 0.3.1
Check: LazyData
Result: NOTE
     'LazyData' is specified without a 'data' directory
Flavors: r-devel-linux-x86_64-debian-clang, r-devel-linux-x86_64-debian-gcc, r-devel-linux-x86_64-fedora-clang, r-devel-linux-x86_64-fedora-gcc, r-devel-windows-x86_64, r-patched-linux-x86_64, r-release-linux-x86_64, r-release-macos-arm64, r-release-macos-x86_64, r-release-windows-x86_64, r-oldrel-macos-arm64, r-oldrel-macos-x86_64, r-oldrel-windows-ix86+x86_64