CRAN Package Check Results for Package slimrec

Last updated on 2023-02-01 21:55:07 CET.

Flavor Version Tinstall Tcheck Ttotal Status Flags
r-devel-linux-x86_64-debian-clang 0.1.0 7.99 82.23 90.22 NOTE
r-devel-linux-x86_64-debian-gcc 0.1.0 6.67 63.16 69.83 NOTE
r-devel-linux-x86_64-fedora-clang 0.1.0 113.07 NOTE
r-devel-linux-x86_64-fedora-gcc 0.1.0 114.73 NOTE
r-patched-linux-x86_64 0.1.0 8.02 78.91 86.93 OK
r-release-linux-x86_64 0.1.0 7.37 80.40 87.77 OK
r-release-macos-arm64 0.1.0 35.00 OK
r-release-macos-x86_64 0.1.0 48.00 OK
r-release-windows-x86_64 0.1.0 18.00 114.00 132.00 OK
r-oldrel-macos-arm64 0.1.0 37.00 OK
r-oldrel-macos-x86_64 0.1.0 61.00 OK
r-oldrel-windows-ix86+x86_64 0.1.0 18.00 101.00 119.00 OK

Check Details

Version: 0.1.0
Check: package subdirectories
Result: NOTE
    Problems with news in ‘NEWS.md’:
    No news entries found.
Flavors: r-devel-linux-x86_64-debian-clang, r-devel-linux-x86_64-debian-gcc, r-devel-linux-x86_64-fedora-clang, r-devel-linux-x86_64-fedora-gcc