Last updated on 2023-10-02 13:03:04 CEST.
Flavor | Version | Tinstall | Tcheck | Ttotal | Status | Flags |
---|---|---|---|---|---|---|
r-devel-linux-x86_64-debian-clang | 1.0.0 | 74.20 | 57.77 | 131.97 | NOTE | |
r-devel-linux-x86_64-debian-gcc | 1.0.0 | 47.68 | 45.99 | 93.67 | NOTE | |
r-devel-linux-x86_64-fedora-clang | 1.0.0 | 201.23 | NOTE | |||
r-devel-linux-x86_64-fedora-gcc | 1.0.0 | 194.76 | NOTE | |||
r-devel-windows-x86_64 | 1.0.0 | 64.00 | 83.00 | 147.00 | OK | |
r-patched-linux-x86_64 | 1.0.0 | 69.00 | 56.16 | 125.16 | NOTE | |
r-release-linux-x86_64 | 1.0.0 | 68.14 | 58.80 | 126.94 | NOTE | |
r-release-macos-arm64 | 1.0.0 | 50.00 | NOTE | |||
r-release-macos-x86_64 | 1.0.0 | 78.00 | NOTE | |||
r-release-windows-x86_64 | 1.0.0 | 89.00 | 95.00 | 184.00 | OK | |
r-oldrel-macos-arm64 | 1.0.0 | 47.00 | NOTE | |||
r-oldrel-macos-x86_64 | 1.0.0 | 77.00 | NOTE | |||
r-oldrel-windows-x86_64 | 1.0.0 | 77.00 | 95.00 | 172.00 | OK |
Version: 1.0.0
Check: C++ specification
Result: NOTE
Specified C++11: please drop specification unless essential
Flavors: r-devel-linux-x86_64-debian-clang, r-devel-linux-x86_64-debian-gcc, r-devel-linux-x86_64-fedora-clang, r-devel-linux-x86_64-fedora-gcc, r-patched-linux-x86_64, r-release-linux-x86_64, r-release-macos-arm64, r-release-macos-x86_64
Version: 1.0.0
Check: dependencies in R code
Result: NOTE
Namespace in Imports field not imported from: ‘RcppArmadillo’
All declared Imports should be used.
Flavors: r-devel-linux-x86_64-fedora-clang, r-devel-linux-x86_64-fedora-gcc, r-oldrel-macos-arm64, r-oldrel-macos-x86_64