CRAN Package Check Results for Package skmeans

Last updated on 2022-09-27 12:53:04 CEST.

Flavor Version Tinstall Tcheck Ttotal Status Flags
r-devel-linux-x86_64-debian-clang 0.2-14 3.22 469.46 472.68 NOTE
r-devel-linux-x86_64-debian-gcc 0.2-14 2.17 302.25 304.42 NOTE
r-devel-linux-x86_64-fedora-clang 0.2-14 569.90 NOTE
r-devel-linux-x86_64-fedora-gcc 0.2-14 538.02 NOTE
r-devel-windows-x86_64 0.2-14 7.00 400.00 407.00 NOTE
r-patched-linux-x86_64 0.2-14 2.98 356.05 359.03 NOTE
r-release-linux-x86_64 0.2-14 3.46 364.15 367.61 NOTE
r-release-macos-arm64 0.2-14 21.00 NOTE
r-release-macos-x86_64 0.2-14 160.00 NOTE
r-release-windows-x86_64 0.2-14 11.00 369.00 380.00 NOTE
r-oldrel-macos-arm64 0.2-14 27.00 NOTE
r-oldrel-macos-x86_64 0.2-14 29.00 NOTE
r-oldrel-windows-ix86+x86_64 0.2-14 8.00 404.00 412.00 NOTE

Check Details

Version: 0.2-14
Check: package dependencies
Result: NOTE
    Package which this enhances but not available for checking: 'kmndirs'
Flavors: r-devel-linux-x86_64-debian-clang, r-devel-linux-x86_64-debian-gcc, r-devel-linux-x86_64-fedora-clang, r-devel-linux-x86_64-fedora-gcc, r-devel-windows-x86_64, r-patched-linux-x86_64, r-release-linux-x86_64, r-release-macos-arm64, r-release-macos-x86_64, r-release-windows-x86_64, r-oldrel-macos-arm64, r-oldrel-macos-x86_64, r-oldrel-windows-ix86+x86_64

Version: 0.2-14
Check: dependencies in R code
Result: NOTE
    Unavailable namespace imported from by a ':::' call: 'kmndirs'
     See the note in ?`:::` about the use of this operator.
Flavors: r-devel-linux-x86_64-debian-clang, r-devel-linux-x86_64-debian-gcc, r-devel-linux-x86_64-fedora-clang, r-devel-linux-x86_64-fedora-gcc, r-devel-windows-x86_64, r-patched-linux-x86_64, r-release-linux-x86_64, r-release-macos-arm64, r-release-macos-x86_64, r-release-windows-x86_64, r-oldrel-macos-arm64, r-oldrel-macos-x86_64, r-oldrel-windows-ix86+x86_64