CRAN Package Check Results for Package skimr

Last updated on 2021-08-05 07:49:51 CEST.

Flavor Version Tinstall Tcheck Ttotal Status Flags
r-devel-linux-x86_64-debian-clang 2.1.3 6.65 84.67 91.32 NOTE
r-devel-linux-x86_64-debian-gcc 2.1.3 4.75 64.48 69.23 NOTE
r-devel-linux-x86_64-fedora-clang 2.1.3 118.25 NOTE
r-devel-linux-x86_64-fedora-gcc 2.1.3 116.96 NOTE
r-devel-windows-x86_64 2.1.3 10.00 92.00 102.00 NOTE
r-devel-windows-x86_64-gcc10-UCRT 2.1.3 ERROR
r-patched-linux-x86_64 2.1.3 6.60 80.30 86.90 NOTE
r-patched-solaris-x86 2.1.3 147.40 NOTE
r-release-linux-x86_64 2.1.3 4.94 81.88 86.82 NOTE
r-release-macos-arm64 2.1.3 NOTE
r-release-macos-x86_64 2.1.3 NOTE
r-release-windows-ix86+x86_64 2.1.3 15.00 103.00 118.00 NOTE
r-oldrel-macos-x86_64 2.1.3 OK
r-oldrel-windows-ix86+x86_64 2.1.3 28.00 113.00 141.00 OK

Check Details

Version: 2.1.3
Check: LazyData
Result: NOTE
     'LazyData' is specified without a 'data' directory
Flavors: r-devel-linux-x86_64-debian-clang, r-devel-linux-x86_64-debian-gcc, r-devel-linux-x86_64-fedora-clang, r-devel-linux-x86_64-fedora-gcc, r-devel-windows-x86_64, r-patched-linux-x86_64, r-patched-solaris-x86, r-release-linux-x86_64, r-release-macos-arm64, r-release-macos-x86_64, r-release-windows-ix86+x86_64

Version: 2.1.3
Check: package dependencies
Result: ERROR
    Packages required but not available:
     'cli', 'dplyr', 'repr', 'tibble', 'tidyr'
    
    Packages suggested but not available for checking:
     'dtplyr', 'sf', 'testthat'
    
    See section 'The DESCRIPTION file' in the 'Writing R Extensions'
    manual.
Flavor: r-devel-windows-x86_64-gcc10-UCRT