CRAN Package Check Results for Package sketcher

Last updated on 2024-06-17 21:52:07 CEST.

Flavor Version Tinstall Tcheck Ttotal Status Flags
r-devel-linux-x86_64-debian-clang 0.1.3 6.32 39.28 45.60 OK
r-devel-linux-x86_64-debian-gcc 0.1.3 4.83 30.76 35.59 OK
r-devel-linux-x86_64-fedora-clang 0.1.3 56.53 NOTE
r-devel-linux-x86_64-fedora-gcc 0.1.3 53.39 NOTE
r-devel-windows-x86_64 0.1.3 6.00 51.00 57.00 OK
r-patched-linux-x86_64 0.1.3 5.20 39.74 44.94 OK
r-release-linux-x86_64 0.1.3 5.45 38.86 44.31 OK
r-release-macos-arm64 0.1.3 22.00 OK
r-release-macos-x86_64 0.1.3 34.00 OK
r-release-windows-x86_64 0.1.3 6.00 51.00 57.00 OK
r-oldrel-macos-arm64 0.1.3 25.00 OK
r-oldrel-macos-x86_64 0.1.3 32.00 OK
r-oldrel-windows-x86_64 0.1.3 8.00 58.00 66.00 OK

Check Details

Version: 0.1.3
Check: dependencies in R code
Result: NOTE Namespaces in Imports field not imported from: ‘dplyr’ ‘methods’ All declared Imports should be used. Flavors: r-devel-linux-x86_64-fedora-clang, r-devel-linux-x86_64-fedora-gcc