CRAN Package Check Results for Package sindyr

Last updated on 2023-03-31 12:54:25 CEST.

Flavor Version Tinstall Tcheck Ttotal Status Flags
r-devel-linux-x86_64-debian-clang 0.2.3 3.29 40.33 43.62 OK
r-devel-linux-x86_64-debian-gcc 0.2.3 3.08 30.64 33.72 OK
r-devel-linux-x86_64-fedora-clang 0.2.3 54.99 NOTE
r-devel-linux-x86_64-fedora-gcc 0.2.3 51.62 NOTE
r-patched-linux-x86_64 0.2.3 4.16 37.55 41.71 OK
r-release-linux-x86_64 0.2.3 4.10 42.48 46.58 OK
r-release-macos-arm64 0.2.3 18.00 NOTE
r-release-macos-x86_64 0.2.3 38.00 NOTE
r-release-windows-x86_64 0.2.3 12.00 77.00 89.00 OK
r-oldrel-macos-arm64 0.2.3 30.00 NOTE
r-oldrel-macos-x86_64 0.2.3 47.00 NOTE
r-oldrel-windows-ix86+x86_64 0.2.3 12.00 67.00 79.00 OK

Check Details

Version: 0.2.3
Check: dependencies in R code
Result: NOTE
    Namespaces in Imports field not imported from:
     ‘crqa’ ‘plot3D’
     All declared Imports should be used.
Flavors: r-devel-linux-x86_64-fedora-clang, r-devel-linux-x86_64-fedora-gcc, r-release-macos-arm64, r-release-macos-x86_64, r-oldrel-macos-arm64, r-oldrel-macos-x86_64