CRAN Package Check Results for Package sims

Last updated on 2021-09-18 13:53:51 CEST.

Flavor Version Tinstall Tcheck Ttotal Status Flags
r-devel-linux-x86_64-debian-clang 0.0.2 3.62 50.35 53.97 NOTE
r-devel-linux-x86_64-debian-gcc 0.0.2 2.75 39.04 41.79 NOTE
r-devel-linux-x86_64-fedora-clang 0.0.2 73.59 NOTE
r-devel-linux-x86_64-fedora-gcc 0.0.2 63.01 NOTE
r-devel-windows-x86_64 0.0.2 6.00 97.00 103.00 NOTE
r-devel-windows-x86_64-gcc10-UCRT 0.0.2 FAIL
r-patched-linux-x86_64 0.0.2 3.87 48.46 52.33 NOTE
r-patched-solaris-x86 0.0.2 150.00 NOTE
r-release-linux-x86_64 0.0.2 3.70 48.16 51.86 NOTE
r-release-macos-arm64 0.0.2 NOTE
r-release-macos-x86_64 0.0.2 NOTE
r-release-windows-ix86+x86_64 0.0.2 9.00 63.00 72.00 NOTE
r-oldrel-macos-x86_64 0.0.2 OK
r-oldrel-windows-ix86+x86_64 0.0.2 10.00 64.00 74.00 OK

Additional issues

noSuggests

Check Details

Version: 0.0.2
Check: LazyData
Result: NOTE
     'LazyData' is specified without a 'data' directory
Flavors: r-devel-linux-x86_64-debian-clang, r-devel-linux-x86_64-debian-gcc, r-devel-linux-x86_64-fedora-clang, r-devel-linux-x86_64-fedora-gcc, r-devel-windows-x86_64, r-devel-windows-x86_64-gcc10-UCRT, r-patched-linux-x86_64, r-patched-solaris-x86, r-release-linux-x86_64, r-release-macos-arm64, r-release-macos-x86_64, r-release-windows-ix86+x86_64

Version: 0.0.2
Check: re-building of vignette outputs
Result: FAIL
Flavor: r-devel-windows-x86_64-gcc10-UCRT