Last updated on 2023-02-08 12:57:22 CET.
Flavor | Version | Tinstall | Tcheck | Ttotal | Status | Flags |
---|---|---|---|---|---|---|
r-devel-linux-x86_64-debian-clang | 0.0.5 | 3.19 | 96.81 | 100.00 | OK | |
r-devel-linux-x86_64-debian-gcc | 0.0.5 | 2.51 | 72.66 | 75.17 | OK | |
r-devel-linux-x86_64-fedora-clang | 0.0.5 | 118.97 | NOTE | |||
r-devel-linux-x86_64-fedora-gcc | 0.0.5 | 127.10 | NOTE | |||
r-devel-windows-x86_64 | 0.0.5 | 30.00 | 135.00 | 165.00 | OK | |
r-patched-linux-x86_64 | 0.0.5 | 3.46 | 92.91 | 96.37 | OK | |
r-release-linux-x86_64 | 0.0.5 | 3.64 | 87.96 | 91.60 | OK | |
r-release-macos-arm64 | 0.0.5 | 42.00 | NOTE | |||
r-release-macos-x86_64 | 0.0.5 | 56.00 | NOTE | |||
r-release-windows-x86_64 | 0.0.5 | 8.00 | 139.00 | 147.00 | OK | |
r-oldrel-macos-arm64 | 0.0.5 | 40.00 | NOTE | |||
r-oldrel-macos-x86_64 | 0.0.5 | 62.00 | NOTE | |||
r-oldrel-windows-ix86+x86_64 | 0.0.5 | 11.00 | 119.00 | 130.00 | OK |
Version: 0.0.5
Check: data for non-ASCII characters
Result: NOTE
Note: found 1 marked UTF-8 string
Flavors: r-devel-linux-x86_64-fedora-clang, r-devel-linux-x86_64-fedora-gcc, r-release-macos-arm64, r-release-macos-x86_64, r-oldrel-macos-arm64, r-oldrel-macos-x86_64