CRAN Package Check Results for Package simfinR

Last updated on 2021-07-31 13:52:50 CEST.

Flavor Version Tinstall Tcheck Ttotal Status Flags
r-devel-linux-x86_64-debian-clang 0.2.3 2.35 26.34 28.69 OK
r-devel-linux-x86_64-debian-gcc 0.2.3 1.79 20.54 22.33 OK
r-devel-linux-x86_64-fedora-clang 0.2.3 44.01 NOTE
r-devel-linux-x86_64-fedora-gcc 0.2.3 32.95 NOTE
r-devel-windows-x86_64 0.2.3 3.00 42.00 45.00 OK
r-devel-windows-x86_64-gcc10-UCRT 0.2.3 NOTE
r-patched-linux-x86_64 0.2.3 OK
r-patched-solaris-x86 0.2.3 50.00 NOTE
r-release-linux-x86_64 0.2.3 1.85 25.21 27.06 OK
r-release-macos-arm64 0.2.3 NOTE
r-release-macos-x86_64 0.2.3 NOTE
r-release-windows-ix86+x86_64 0.2.3 5.00 33.00 38.00 OK
r-oldrel-macos-x86_64 0.2.3 NOTE
r-oldrel-windows-ix86+x86_64 0.2.3 5.00 41.00 46.00 OK

Check Details

Version: 0.2.3
Check: dependencies in R code
Result: NOTE
    Namespace in Imports field not imported from: ‘digest’
     All declared Imports should be used.
Flavors: r-devel-linux-x86_64-fedora-clang, r-devel-linux-x86_64-fedora-gcc, r-devel-windows-x86_64-gcc10-UCRT, r-patched-solaris-x86, r-release-macos-arm64, r-release-macos-x86_64, r-oldrel-macos-x86_64