CRAN Package Check Results for Package simest

Last updated on 2021-12-07 20:52:53 CET.

Flavor Version Tinstall Tcheck Ttotal Status Flags
r-devel-linux-x86_64-debian-clang 0.4 17.26 141.56 158.82 NOTE
r-devel-linux-x86_64-debian-gcc 0.4 14.25 108.03 122.28 NOTE
r-devel-linux-x86_64-fedora-clang 0.4 193.40 NOTE
r-devel-linux-x86_64-fedora-gcc 0.4 178.71 NOTE
r-devel-windows-x86_64-new-UL 0.4 34.00 173.00 207.00 NOTE
r-devel-windows-x86_64-new-TK 0.4 NOTE
r-devel-windows-x86_64-old 0.4 27.00 121.00 148.00 NOTE
r-patched-linux-x86_64 0.4 20.15 133.43 153.58 NOTE
r-release-linux-x86_64 0.4 16.73 134.80 151.53 NOTE
r-release-macos-arm64 0.4 NOTE
r-release-macos-x86_64 0.4 NOTE
r-release-windows-ix86+x86_64 0.4 31.00 222.00 253.00 NOTE
r-oldrel-macos-x86_64 0.4 OK
r-oldrel-windows-ix86+x86_64 0.4 45.00 221.00 266.00 OK

Check Details

Version: 0.4
Check: LazyData
Result: NOTE
     'LazyData' is specified without a 'data' directory
Flavors: r-devel-linux-x86_64-debian-clang, r-devel-linux-x86_64-debian-gcc, r-devel-linux-x86_64-fedora-clang, r-devel-linux-x86_64-fedora-gcc, r-devel-windows-x86_64-new-UL, r-devel-windows-x86_64-new-TK, r-devel-windows-x86_64-old, r-patched-linux-x86_64, r-release-linux-x86_64, r-release-macos-arm64, r-release-macos-x86_64, r-release-windows-ix86+x86_64