Last updated on 2025-01-18 06:48:34 CET.
Flavor | Version | Tinstall | Tcheck | Ttotal | Status | Flags |
---|---|---|---|---|---|---|
r-devel-linux-x86_64-debian-clang | 0.9.0.5 | 74.75 | 85.44 | 160.19 | OK | |
r-devel-linux-x86_64-debian-gcc | 0.9.0.5 | 48.19 | 58.53 | 106.72 | OK | |
r-devel-linux-x86_64-fedora-clang | 0.9.0.5 | 277.93 | OK | |||
r-devel-linux-x86_64-fedora-gcc | 0.9.0.5 | 284.85 | OK | |||
r-devel-windows-x86_64 | 0.9.0.5 | 84.00 | 132.00 | 216.00 | OK | |
r-patched-linux-x86_64 | 0.9.0.5 | 73.52 | 79.62 | 153.14 | OK | |
r-release-linux-x86_64 | 0.9.0.5 | 71.74 | 80.56 | 152.30 | OK | |
r-release-macos-arm64 | 0.9.0.5 | 65.00 | NOTE | |||
r-release-macos-x86_64 | 0.9.0.5 | 106.00 | NOTE | |||
r-release-windows-x86_64 | 0.9.0.5 | 84.00 | 126.00 | 210.00 | NOTE | |
r-oldrel-macos-arm64 | 0.9.0.5 | 68.00 | NOTE | |||
r-oldrel-macos-x86_64 | 0.9.0.5 | 121.00 | NOTE | |||
r-oldrel-windows-x86_64 | 0.9.0.5 | 98.00 | 158.00 | 256.00 | NOTE |
Version: 0.9.0.5
Check: installed package size
Result: NOTE
installed size is 19.0Mb
sub-directories of 1Mb or more:
extdata 13.0Mb
libs 5.3Mb
Flavors: r-release-macos-arm64, r-release-macos-x86_64, r-release-windows-x86_64, r-oldrel-macos-arm64, r-oldrel-macos-x86_64, r-oldrel-windows-x86_64