CRAN Package Check Results for Package sigminer

Last updated on 2021-09-23 13:55:06 CEST.

Flavor Version Tinstall Tcheck Ttotal Status Flags
r-devel-linux-x86_64-debian-clang 2.0.5 49.94 261.30 311.24 OK
r-devel-linux-x86_64-debian-gcc 2.1.0 34.93 187.16 222.09 OK
r-devel-linux-x86_64-fedora-clang 2.1.0 386.95 NOTE
r-devel-linux-x86_64-fedora-gcc 2.1.0 352.93 OK
r-devel-windows-x86_64 2.0.5 56.00 245.00 301.00 OK
r-devel-windows-x86_64-gcc10-UCRT 2.0.5 ERROR
r-patched-linux-x86_64 2.0.5 42.57 240.53 283.10 OK
r-patched-solaris-x86 2.1.0 418.20 NOTE
r-release-linux-x86_64 2.0.5 40.65 239.72 280.37 OK
r-release-macos-arm64 2.0.5 NOTE
r-release-macos-x86_64 2.0.5 ERROR
r-release-windows-ix86+x86_64 2.0.5 109.00 334.00 443.00 NOTE
r-oldrel-macos-x86_64 2.0.5 ERROR
r-oldrel-windows-ix86+x86_64 2.0.5 73.00 332.00 405.00 NOTE

Check Details

Version: 2.1.0
Check: installed package size
Result: NOTE
     installed size is 6.0Mb
     sub-directories of 1Mb or more:
     extdata 2.7Mb
Flavors: r-devel-linux-x86_64-fedora-clang, r-patched-solaris-x86

Version: 2.0.5
Check: package dependencies
Result: NOTE
    Packages suggested but not available for checking:
     'BSgenome', 'BSgenome.Hsapiens.UCSC.hg19', 'reticulate', 'roxygen2'
Flavor: r-devel-windows-x86_64-gcc10-UCRT

Version: 2.0.5
Check: whether package can be installed
Result: ERROR
    Installation failed.
Flavor: r-devel-windows-x86_64-gcc10-UCRT

Version: 2.0.5
Check: package dependencies
Result: NOTE
    Package suggested but not available for checking: ‘copynumber’
Flavor: r-release-macos-arm64

Version: 2.0.5
Check: package dependencies
Result: ERROR
    Package required but not available: ‘maftools’
    
    Packages suggested but not available for checking:
     'BSgenome.Hsapiens.UCSC.hg19', 'copynumber'
    
    See section ‘The DESCRIPTION file’ in the ‘Writing R Extensions’
    manual.
Flavor: r-release-macos-x86_64

Version: 2.0.5
Check: installed package size
Result: NOTE
     installed size is 5.6Mb
     sub-directories of 1Mb or more:
     libs 2.0Mb
Flavors: r-release-windows-ix86+x86_64, r-oldrel-windows-ix86+x86_64

Version: 2.0.5
Check: package dependencies
Result: ERROR
    Package required but not available: ‘maftools’
    
    Package suggested but not available for checking: ‘copynumber’
    
    See section ‘The DESCRIPTION file’ in the ‘Writing R Extensions’
    manual.
Flavor: r-oldrel-macos-x86_64