CRAN Package Check Results for Package sift

Last updated on 2024-05-28 12:56:29 CEST.

Flavor Version Tinstall Tcheck Ttotal Status Flags
r-devel-linux-x86_64-debian-clang 0.1.0 11.00 65.55 76.55 NOTE
r-devel-linux-x86_64-debian-gcc 0.1.0 7.16 48.80 55.96 NOTE
r-devel-linux-x86_64-fedora-clang 0.1.0 98.22 NOTE
r-devel-linux-x86_64-fedora-gcc 0.1.0 101.76 NOTE
r-devel-windows-x86_64 0.1.0 12.00 73.00 85.00 NOTE
r-patched-linux-x86_64 0.1.0 8.22 62.67 70.89 NOTE
r-release-linux-x86_64 0.1.0 6.10 60.98 67.08 NOTE
r-release-macos-arm64 0.1.0 38.00 NOTE
r-release-windows-x86_64 0.1.0 12.00 72.00 84.00 NOTE
r-oldrel-macos-arm64 0.1.0 39.00 NOTE
r-oldrel-macos-x86_64 0.1.0 59.00 NOTE
r-oldrel-windows-x86_64 0.1.0 14.00 81.00 95.00 NOTE

Check Details

Version: 0.1.0
Check: C++ specification
Result: NOTE Specified C++11: please drop specification unless essential Flavors: r-devel-linux-x86_64-debian-clang, r-devel-linux-x86_64-debian-gcc, r-devel-linux-x86_64-fedora-clang, r-devel-linux-x86_64-fedora-gcc, r-devel-windows-x86_64, r-patched-linux-x86_64, r-release-linux-x86_64, r-release-macos-arm64, r-release-windows-x86_64, r-oldrel-macos-arm64, r-oldrel-macos-x86_64, r-oldrel-windows-x86_64

Version: 0.1.0
Check: compiled code
Result: NOTE File ‘sift/libs/sift.so’: Found non-API calls to R: ‘SETLENGTH’, ‘SET_TRUELENGTH’ Compiled code should not call non-API entry points in R. See ‘Writing portable packages’ in the ‘Writing R Extensions’ manual. Flavors: r-devel-linux-x86_64-debian-clang, r-devel-linux-x86_64-debian-gcc, r-devel-linux-x86_64-fedora-clang, r-devel-linux-x86_64-fedora-gcc

Version: 0.1.0
Check: data for non-ASCII characters
Result: NOTE Note: found 1231 marked UTF-8 strings Flavors: r-devel-linux-x86_64-fedora-clang, r-devel-linux-x86_64-fedora-gcc

Version: 0.1.0
Check: compiled code
Result: NOTE File 'sift/libs/x64/sift.dll': Found non-API calls to R: 'SETLENGTH', 'SET_TRUELENGTH' Compiled code should not call non-API entry points in R. See 'Writing portable packages' in the 'Writing R Extensions' manual. Flavor: r-devel-windows-x86_64