CRAN Package Check Results for Package siconfir

Last updated on 2021-11-26 19:53:05 CET.

Flavor Version Tinstall Tcheck Ttotal Status Flags
r-devel-linux-x86_64-debian-clang 1.0.5 4.24 42.65 46.89 OK
r-devel-linux-x86_64-debian-gcc 1.0.5 3.36 32.71 36.07 OK
r-devel-linux-x86_64-fedora-clang 1.0.5 68.46 NOTE
r-devel-linux-x86_64-fedora-gcc 1.0.5 55.05 NOTE
r-devel-windows-x86_64-new-UL 1.0.5 12.00 76.00 88.00 OK
r-devel-windows-x86_64-new-TK 1.0.5 NOTE
r-devel-windows-x86_64-old 1.0.5 7.00 72.00 79.00 OK
r-patched-linux-x86_64 1.0.5 3.82 39.35 43.17 OK
r-patched-solaris-x86 1.0.5 80.10 NOTE
r-release-linux-x86_64 1.0.5 OK
r-release-macos-arm64 1.0.5 NOTE
r-release-macos-x86_64 1.0.5 NOTE
r-release-windows-ix86+x86_64 1.0.5 13.00 49.00 62.00 OK
r-oldrel-macos-x86_64 1.0.5 NOTE
r-oldrel-windows-ix86+x86_64 1.0.5 11.00 66.00 77.00 OK

Check Details

Version: 1.0.5
Check: data for non-ASCII characters
Result: NOTE
     Note: found 2397 marked UTF-8 strings
Flavors: r-devel-linux-x86_64-fedora-clang, r-devel-linux-x86_64-fedora-gcc, r-devel-windows-x86_64-new-TK, r-patched-solaris-x86, r-release-macos-arm64, r-release-macos-x86_64, r-oldrel-macos-x86_64