CRAN Package Check Results for Package shortcuts

Last updated on 2021-09-19 13:49:36 CEST.

Flavor Version Tinstall Tcheck Ttotal Status Flags
r-devel-linux-x86_64-debian-clang 1.4.0 2.02 22.02 24.04 NOTE
r-devel-linux-x86_64-debian-gcc 1.4.0 1.77 17.16 18.93 NOTE
r-devel-linux-x86_64-fedora-clang 1.4.0 37.81 NOTE
r-devel-linux-x86_64-fedora-gcc 1.4.0 27.45 NOTE
r-devel-windows-x86_64 1.4.0 4.00 37.00 41.00 NOTE
r-devel-windows-x86_64-gcc10-UCRT 1.4.0 ERROR
r-patched-linux-x86_64 1.4.0 1.63 21.20 22.83 NOTE
r-patched-solaris-x86 1.4.0 41.90 NOTE
r-release-linux-x86_64 1.4.0 1.99 21.38 23.37 NOTE
r-release-macos-arm64 1.4.0 NOTE
r-release-macos-x86_64 1.4.0 NOTE
r-release-windows-ix86+x86_64 1.4.0 5.00 30.00 35.00 NOTE
r-oldrel-macos-x86_64 1.4.0 OK
r-oldrel-windows-ix86+x86_64 1.4.0 5.00 30.00 35.00 OK

Check Details

Version: 1.4.0
Check: LazyData
Result: NOTE
     'LazyData' is specified without a 'data' directory
Flavors: r-devel-linux-x86_64-debian-clang, r-devel-linux-x86_64-debian-gcc, r-devel-linux-x86_64-fedora-clang, r-devel-linux-x86_64-fedora-gcc, r-devel-windows-x86_64, r-devel-windows-x86_64-gcc10-UCRT, r-patched-linux-x86_64, r-patched-solaris-x86, r-release-linux-x86_64, r-release-macos-arm64, r-release-macos-x86_64, r-release-windows-ix86+x86_64

Version: 1.4.0
Check: whether package can be installed
Result: WARN
    Found the following significant warnings:
     WARNING: installation-time patches will not be applied, could not get the patches index
Flavor: r-devel-windows-x86_64-gcc10-UCRT

Version: 1.4.0
Check: PDF version of manual
Result: WARN
    LaTeX errors when creating PDF version.
    This typically indicates Rd problems.
Flavor: r-devel-windows-x86_64-gcc10-UCRT

Version: 1.4.0
Check: PDF version of manual without hyperrefs or index
Result: ERROR
    Re-running with no redirection of stdout/stderr.
Flavor: r-devel-windows-x86_64-gcc10-UCRT