CRAN Package Check Results for Package shinysurveys

Last updated on 2024-06-17 21:52:07 CEST.

Flavor Version Tinstall Tcheck Ttotal Status Flags
r-devel-linux-x86_64-debian-clang 0.2.0 5.04 57.45 62.49 NOTE
r-devel-linux-x86_64-debian-gcc 0.2.0 4.53 42.98 47.51 NOTE
r-devel-linux-x86_64-fedora-clang 0.2.0 78.90 NOTE
r-devel-linux-x86_64-fedora-gcc 0.2.0 87.07 NOTE
r-devel-windows-x86_64 0.2.0 6.00 69.00 75.00 NOTE
r-patched-linux-x86_64 0.2.0 9.10 55.69 64.79 NOTE
r-release-linux-x86_64 0.2.0 4.57 54.72 59.29 NOTE
r-release-macos-arm64 0.2.0 33.00 NOTE
r-release-macos-x86_64 0.2.0 51.00 NOTE
r-release-windows-x86_64 0.2.0 6.00 71.00 77.00 NOTE
r-oldrel-macos-arm64 0.2.0 33.00 OK
r-oldrel-macos-x86_64 0.2.0 51.00 OK
r-oldrel-windows-x86_64 0.2.0 8.00 76.00 84.00 OK

Check Details

Version: 0.2.0
Check: Rd files
Result: NOTE checkRd: (-1) add_class.Rd:18: Lost braces; missing escapes or markup? 18 | Custom function for adding a CSS class used in {shinysurveys}. | ^ checkRd: (-1) disable_element.Rd:16: Lost braces; missing escapes or markup? 16 | Custom function for disabling an HTML element in {shinysurveys}. | ^ checkRd: (-1) enable_element.Rd:16: Lost braces; missing escapes or markup? 16 | Custom function for disabling an HTML element in {shinysurveys}. | ^ checkRd: (-1) extendInputType.Rd:12: Lost braces; missing escapes or markup? 12 | \item{extension}{A shiny input type not natively supported by {shinysurveys}. See the examples section for more information.} | ^ checkRd: (-1) getSurveyData.Rd:15: Lost braces; missing escapes or markup? 15 | default, and the built-in {shinysurveys} userID will be used.} | ^ checkRd: (-1) radioMatrixInput.Rd:18: Lost braces; missing escapes or markup? 18 | \item{...}{Additional arguments specific to {shinysurveys} required questions.} | ^ checkRd: (-1) remove_class.Rd:18: Lost braces; missing escapes or markup? 18 | Custom function for removing a CSS class used in {shinysurveys}. | ^ checkRd: (-1) toggle_element.Rd:18: Lost braces; missing escapes or markup? 18 | Custom function for toggling enable/disable state of HTML element in {shinysurveys}. | ^ Flavors: r-devel-linux-x86_64-debian-clang, r-devel-linux-x86_64-debian-gcc, r-devel-linux-x86_64-fedora-clang, r-devel-linux-x86_64-fedora-gcc, r-devel-windows-x86_64, r-patched-linux-x86_64, r-release-linux-x86_64, r-release-macos-arm64, r-release-macos-x86_64, r-release-windows-x86_64