CRAN Package Check Results for Package shinyservicebot

Last updated on 2021-06-16 07:50:04 CEST.

Flavor Version Tinstall Tcheck Ttotal Status Flags
r-devel-linux-x86_64-debian-clang 0.1.0 2.41 27.65 30.06 NOTE
r-devel-linux-x86_64-debian-gcc 0.1.0 1.84 22.11 23.95 NOTE
r-devel-linux-x86_64-fedora-clang 0.1.0 45.62 NOTE
r-devel-linux-x86_64-fedora-gcc 0.1.0 35.40 NOTE
r-devel-windows-x86_64 0.1.0 4.00 46.00 50.00 NOTE
r-devel-windows-x86_64-gcc10-UCRT 0.1.0 NOTE
r-patched-linux-x86_64 0.1.0 2.34 27.05 29.39 NOTE
r-patched-solaris-x86 0.1.0 55.90 NOTE
r-release-linux-x86_64 0.1.0 1.85 27.18 29.03 NOTE
r-release-macos-arm64 0.1.0 NOTE
r-release-macos-x86_64 0.1.0 NOTE
r-release-windows-ix86+x86_64 0.1.0 7.00 46.00 53.00 NOTE
r-oldrel-macos-x86_64 0.1.0 OK
r-oldrel-windows-ix86+x86_64 0.1.0 23.00 45.00 68.00 OK

Check Details

Version: 0.1.0
Check: LazyData
Result: NOTE
     'LazyData' is specified without a 'data' directory
Flavors: r-devel-linux-x86_64-debian-clang, r-devel-linux-x86_64-debian-gcc, r-devel-linux-x86_64-fedora-clang, r-devel-linux-x86_64-fedora-gcc, r-devel-windows-x86_64, r-devel-windows-x86_64-gcc10-UCRT, r-patched-linux-x86_64, r-patched-solaris-x86, r-release-linux-x86_64, r-release-macos-arm64, r-release-macos-x86_64, r-release-windows-ix86+x86_64