CRAN Package Check Results for Package shinyr

Last updated on 2022-09-28 06:54:19 CEST.

Flavor Version Tinstall Tcheck Ttotal Status Flags
r-devel-linux-x86_64-debian-clang 0.3.0 19.34 168.59 187.93 OK
r-devel-linux-x86_64-debian-gcc 0.3.0 15.02 122.26 137.28 OK
r-devel-linux-x86_64-fedora-clang 0.3.0 246.08 NOTE
r-devel-linux-x86_64-fedora-gcc 0.3.0 221.49 NOTE
r-devel-windows-x86_64 0.3.0 39.00 198.00 237.00 OK
r-patched-linux-x86_64 0.3.0 17.22 155.40 172.62 OK
r-release-linux-x86_64 0.3.0 15.20 153.66 168.86 OK
r-release-macos-arm64 0.3.0 62.00 NOTE
r-release-macos-x86_64 0.3.0 110.00 NOTE
r-release-windows-x86_64 0.3.0 43.00 205.00 248.00 OK
r-oldrel-macos-arm64 0.3.0 65.00 NOTE
r-oldrel-macos-x86_64 0.3.0 81.00 NOTE
r-oldrel-windows-ix86+x86_64 0.3.0 43.00 184.00 227.00 OK

Check Details

Version: 0.3.0
Check: dependencies in R code
Result: NOTE
    Namespaces in Imports field not imported from:
     ‘e1071’ ‘knitr’
     All declared Imports should be used.
Flavors: r-devel-linux-x86_64-fedora-clang, r-devel-linux-x86_64-fedora-gcc, r-release-macos-arm64, r-release-macos-x86_64, r-oldrel-macos-arm64, r-oldrel-macos-x86_64