CRAN Package Check Results for Package shinypivottabler

Last updated on 2022-10-01 21:54:06 CEST.

Flavor Version Tinstall Tcheck Ttotal Status Flags
r-devel-linux-x86_64-debian-clang 1.1 8.46 66.33 74.79 OK
r-devel-linux-x86_64-debian-gcc 1.1 6.21 48.73 54.94 OK
r-devel-linux-x86_64-fedora-clang 1.1 108.66 NOTE
r-devel-linux-x86_64-fedora-gcc 1.1 98.64 NOTE
r-devel-windows-x86_64 1.1 101.00 81.00 182.00 OK
r-patched-linux-x86_64 1.0 6.52 61.60 68.12 NOTE
r-release-linux-x86_64 1.0 5.21 63.07 68.28 NOTE
r-release-macos-arm64 1.1 30.00 NOTE
r-release-macos-x86_64 1.1 39.00 NOTE
r-release-windows-x86_64 1.0 39.00 86.00 125.00 NOTE
r-oldrel-macos-arm64 1.1 34.00 NOTE
r-oldrel-macos-x86_64 1.1 41.00 NOTE
r-oldrel-windows-ix86+x86_64 1.1 19.00 87.00 106.00 OK

Check Details

Version: 1.1
Check: dependencies in R code
Result: NOTE
    Namespace in Imports field not imported from: ‘htmltools’
     All declared Imports should be used.
Flavors: r-devel-linux-x86_64-fedora-clang, r-devel-linux-x86_64-fedora-gcc, r-release-macos-arm64, r-release-macos-x86_64, r-oldrel-macos-arm64, r-oldrel-macos-x86_64

Version: 1.0
Check: LazyData
Result: NOTE
     'LazyData' is specified without a 'data' directory
Flavors: r-patched-linux-x86_64, r-release-linux-x86_64, r-release-windows-x86_64