CRAN Package Check Results for Package shinymodels

Last updated on 2022-10-05 06:51:34 CEST.

Flavor Version Tinstall Tcheck Ttotal Status Flags
r-devel-linux-x86_64-debian-clang 0.1.0 20.00 171.61 191.61 OK
r-devel-linux-x86_64-debian-gcc 0.1.0 16.66 125.38 142.04 OK
r-devel-linux-x86_64-fedora-clang 0.1.0 241.91 NOTE
r-devel-linux-x86_64-fedora-gcc 0.1.0 229.08 OK
r-devel-windows-x86_64 0.1.0 102.00 187.00 289.00 OK
r-patched-linux-x86_64 0.1.0 15.62 155.75 171.37 OK
r-release-linux-x86_64 0.1.0 15.50 158.57 174.07 OK
r-release-macos-arm64 0.1.0 75.00 OK
r-release-macos-x86_64 0.1.0 108.00 OK
r-release-windows-x86_64 0.1.0 93.00 190.00 283.00 OK
r-oldrel-macos-arm64 0.1.0 65.00 OK
r-oldrel-macos-x86_64 0.1.0 83.00 OK
r-oldrel-windows-ix86+x86_64 0.1.0 45.00 183.00 228.00 OK

Check Details

Version: 0.1.0
Check: Rd cross-references
Result: NOTE
    Undeclared package ‘finetune’ in Rd xrefs
Flavor: r-devel-linux-x86_64-fedora-clang