CRAN Package Check Results for Package shinyloadtest

Last updated on 2023-09-26 13:08:43 CEST.

Flavor Version Tinstall Tcheck Ttotal Status Flags
r-devel-linux-x86_64-debian-clang 1.1.0 7.97 56.37 64.34 OK
r-devel-linux-x86_64-debian-gcc 1.1.0 7.16 42.27 49.43 OK
r-devel-linux-x86_64-fedora-clang 1.1.0 81.74 NOTE
r-devel-linux-x86_64-fedora-gcc 1.1.0 77.01 NOTE
r-devel-windows-x86_64 1.1.0 9.00 61.00 70.00 OK
r-patched-linux-x86_64 1.1.0 7.53 53.82 61.35 OK
r-release-linux-x86_64 1.1.0 7.47 53.63 61.10 OK
r-release-macos-arm64 1.1.0 27.00 OK
r-release-macos-x86_64 1.1.0 40.00 OK
r-release-windows-x86_64 1.1.0 13.00 66.00 79.00 OK
r-oldrel-macos-arm64 1.1.0 25.00 NOTE
r-oldrel-macos-x86_64 1.1.0 54.00 NOTE
r-oldrel-windows-x86_64 1.1.0 13.00 72.00 85.00 OK

Check Details

Version: 1.1.0
Check: dependencies in R code
Result: NOTE
    Namespaces in Imports field not imported from:
     ‘R6’ ‘scales’ ‘websocket’
     All declared Imports should be used.
Flavors: r-devel-linux-x86_64-fedora-clang, r-devel-linux-x86_64-fedora-gcc, r-oldrel-macos-arm64, r-oldrel-macos-x86_64