CRAN Package Check Results for Package shinyloadtest

Last updated on 2022-09-27 07:50:55 CEST.

Flavor Version Tinstall Tcheck Ttotal Status Flags
r-devel-linux-x86_64-debian-clang 1.1.0 9.34 63.30 72.64 OK
r-devel-linux-x86_64-debian-gcc 1.1.0 6.81 46.36 53.17 OK
r-devel-linux-x86_64-fedora-clang 1.1.0 107.41 NOTE
r-devel-linux-x86_64-fedora-gcc 1.1.0 92.02 NOTE
r-devel-windows-x86_64 1.1.0 70.00 86.00 156.00 OK
r-patched-linux-x86_64 1.1.0 8.17 59.10 67.27 OK
r-release-linux-x86_64 1.1.0 8.31 59.11 67.42 OK
r-release-macos-arm64 1.1.0 25.00 NOTE
r-release-macos-x86_64 1.1.0 54.00 NOTE
r-release-windows-x86_64 1.1.0 93.00 96.00 189.00 OK
r-oldrel-macos-arm64 1.1.0 31.00 NOTE
r-oldrel-macos-x86_64 1.1.0 47.00 NOTE
r-oldrel-windows-ix86+x86_64 1.1.0 20.00 84.00 104.00 OK

Check Details

Version: 1.1.0
Check: dependencies in R code
Result: NOTE
    Namespaces in Imports field not imported from:
     ‘R6’ ‘scales’ ‘websocket’
     All declared Imports should be used.
Flavors: r-devel-linux-x86_64-fedora-clang, r-devel-linux-x86_64-fedora-gcc, r-release-macos-arm64, r-release-macos-x86_64, r-oldrel-macos-arm64, r-oldrel-macos-x86_64