CRAN Package Check Results for Package shinyhelper

Last updated on 2022-10-07 00:49:35 CEST.

Flavor Version Tinstall Tcheck Ttotal Status Flags
r-devel-linux-x86_64-debian-clang 0.3.2 2.22 22.49 24.71 OK
r-devel-linux-x86_64-debian-gcc 0.3.2 1.60 17.82 19.42 OK
r-devel-linux-x86_64-fedora-clang 0.3.2 44.30 NOTE
r-devel-linux-x86_64-fedora-gcc 0.3.2 40.07 NOTE
r-devel-windows-x86_64 0.3.2 26.00 51.00 77.00 OK
r-patched-linux-x86_64 0.3.2 2.00 21.79 23.79 OK
r-release-linux-x86_64 0.3.2 1.58 22.06 23.64 OK
r-release-macos-arm64 0.3.2 14.00 NOTE
r-release-macos-x86_64 0.3.2 28.00 NOTE
r-release-windows-x86_64 0.3.2 32.00 47.00 79.00 OK
r-oldrel-macos-arm64 0.3.2 18.00 NOTE
r-oldrel-macos-x86_64 0.3.2 26.00 NOTE
r-oldrel-windows-ix86+x86_64 0.3.2 8.00 44.00 52.00 OK

Check Details

Version: 0.3.2
Check: dependencies in R code
Result: NOTE
    Namespace in Imports field not imported from: ‘markdown’
     All declared Imports should be used.
Flavors: r-devel-linux-x86_64-fedora-clang, r-devel-linux-x86_64-fedora-gcc, r-release-macos-arm64, r-release-macos-x86_64, r-oldrel-macos-arm64, r-oldrel-macos-x86_64