CRAN Package Check Results for Package shinyfilter

Last updated on 2022-05-20 06:51:08 CEST.

Flavor Version Tinstall Tcheck Ttotal Status Flags
r-devel-linux-x86_64-debian-clang 0.1.1 2.66 31.50 34.16 OK
r-devel-linux-x86_64-debian-gcc 0.1.1 2.10 23.88 25.98 OK
r-devel-linux-x86_64-fedora-clang 0.1.1 40.09 NOTE
r-devel-linux-x86_64-fedora-gcc 0.1.1 39.52 NOTE
r-devel-windows-x86_64 0.1.1 18.00 46.00 64.00 OK
r-patched-linux-x86_64 0.1.1 1.80 29.59 31.39 OK
r-release-linux-x86_64 0.1.1 2.17 29.92 32.09 OK
r-release-macos-arm64 0.1.1 17.00 NOTE
r-release-macos-x86_64 0.1.1 24.00 NOTE
r-release-windows-x86_64 0.1.1 16.00 48.00 64.00 OK
r-oldrel-macos-arm64 0.1.1 17.00 NOTE
r-oldrel-macos-x86_64 0.1.1 26.00 NOTE
r-oldrel-windows-ix86+x86_64 0.1.1 6.00 42.00 48.00 OK

Check Details

Version: 0.1.1
Check: dependencies in R code
Result: NOTE
    Namespace in Imports field not imported from: ‘reactable’
     All declared Imports should be used.
Flavors: r-devel-linux-x86_64-fedora-clang, r-devel-linux-x86_64-fedora-gcc, r-release-macos-arm64, r-release-macos-x86_64, r-oldrel-macos-arm64, r-oldrel-macos-x86_64