CRAN Package Check Results for Package shinydashboardPlus

Last updated on 2021-06-21 22:57:16 CEST.

Flavor Version Tinstall Tcheck Ttotal Status Flags
r-devel-linux-x86_64-debian-clang 2.0.1 5.97 56.78 62.75 OK
r-devel-linux-x86_64-debian-gcc 2.0.1 6.01 45.00 51.01 OK
r-devel-linux-x86_64-fedora-clang 2.0.1 85.24 NOTE
r-devel-linux-x86_64-fedora-gcc 2.0.1 76.86 NOTE
r-devel-windows-x86_64 2.0.1 11.00 85.00 96.00 OK
r-devel-windows-x86_64-gcc10-UCRT 2.0.1 NOTE
r-patched-linux-x86_64 2.0.1 11.44 55.29 66.73 OK
r-patched-solaris-x86 2.0.1 102.10 NOTE
r-release-linux-x86_64 2.0.1 4.20 55.62 59.82 OK
r-release-macos-arm64 2.0.1 NOTE
r-release-macos-x86_64 2.0.1 NOTE
r-release-windows-ix86+x86_64 2.0.1 14.00 89.00 103.00 OK
r-oldrel-macos-x86_64 2.0.1 NOTE

Check Details

Version: 2.0.1
Check: dependencies in R code
Result: NOTE
    Namespace in Imports field not imported from: ‘lifecycle’
     All declared Imports should be used.
Flavors: r-devel-linux-x86_64-fedora-clang, r-devel-linux-x86_64-fedora-gcc, r-devel-windows-x86_64-gcc10-UCRT, r-patched-solaris-x86, r-release-macos-arm64, r-release-macos-x86_64, r-oldrel-macos-x86_64