CRAN Package Check Results for Package shinycustomloader

Last updated on 2021-06-15 01:50:38 CEST.

Flavor Version Tinstall Tcheck Ttotal Status Flags
r-devel-linux-x86_64-debian-clang 0.9.0 3.02 32.79 35.81 NOTE
r-devel-linux-x86_64-debian-gcc 0.9.0 2.19 26.33 28.52 NOTE
r-devel-linux-x86_64-fedora-clang 0.9.0 51.91 NOTE
r-devel-linux-x86_64-fedora-gcc 0.9.0 42.25 NOTE
r-devel-windows-x86_64 0.9.0 6.00 55.00 61.00 NOTE
r-devel-windows-x86_64-gcc10-UCRT 0.9.0 NOTE
r-patched-linux-x86_64 0.9.0 2.79 32.66 35.45 NOTE
r-patched-solaris-x86 0.9.0 64.90 NOTE
r-release-linux-x86_64 0.9.0 2.45 32.31 34.76 NOTE
r-release-macos-arm64 0.9.0 NOTE
r-release-macos-x86_64 0.9.0 NOTE
r-release-windows-ix86+x86_64 0.9.0 9.00 58.00 67.00 NOTE
r-oldrel-macos-x86_64 0.9.0 OK
r-oldrel-windows-ix86+x86_64 0.9.0 19.00 54.00 73.00 OK

Check Details

Version: 0.9.0
Check: LazyData
Result: NOTE
     'LazyData' is specified without a 'data' directory
Flavors: r-devel-linux-x86_64-debian-clang, r-devel-linux-x86_64-debian-gcc, r-devel-linux-x86_64-fedora-clang, r-devel-linux-x86_64-fedora-gcc, r-devel-windows-x86_64, r-devel-windows-x86_64-gcc10-UCRT, r-patched-linux-x86_64, r-patched-solaris-x86, r-release-linux-x86_64, r-release-macos-arm64, r-release-macos-x86_64, r-release-windows-ix86+x86_64