CRAN Package Check Results for Package shinySearchbar

Last updated on 2022-09-28 00:52:54 CEST.

Flavor Version Tinstall Tcheck Ttotal Status Flags
r-devel-linux-x86_64-debian-clang 1.0.0 3.91 41.38 45.29 NOTE
r-devel-linux-x86_64-debian-gcc 1.0.0 3.63 31.37 35.00 NOTE
r-devel-linux-x86_64-fedora-clang 1.0.0 72.40 NOTE
r-devel-linux-x86_64-fedora-gcc 1.0.0 63.30 NOTE
r-devel-windows-x86_64 1.0.0 23.00 68.00 91.00 NOTE
r-patched-linux-x86_64 1.0.0 3.23 39.09 42.32 NOTE
r-release-linux-x86_64 1.0.0 3.54 38.67 42.21 NOTE
r-release-macos-arm64 1.0.0 19.00 NOTE
r-release-macos-x86_64 1.0.0 39.00 NOTE
r-release-windows-x86_64 1.0.0 30.00 72.00 102.00 NOTE
r-oldrel-macos-arm64 1.0.0 23.00 NOTE
r-oldrel-macos-x86_64 1.0.0 34.00 NOTE
r-oldrel-windows-ix86+x86_64 1.0.0 11.00 64.00 75.00 NOTE

Check Details

Version: 1.0.0
Check: LazyData
Result: NOTE
     'LazyData' is specified without a 'data' directory
Flavors: r-devel-linux-x86_64-debian-clang, r-devel-linux-x86_64-debian-gcc, r-devel-linux-x86_64-fedora-clang, r-devel-linux-x86_64-fedora-gcc, r-devel-windows-x86_64, r-patched-linux-x86_64, r-release-linux-x86_64, r-release-macos-arm64, r-release-macos-x86_64, r-release-windows-x86_64, r-oldrel-macos-arm64, r-oldrel-macos-x86_64, r-oldrel-windows-ix86+x86_64