CRAN Package Check Results for Package shinyNORRRM

Last updated on 2022-10-01 01:49:17 CEST.

Flavor Version Tinstall Tcheck Ttotal Status Flags
r-devel-linux-x86_64-debian-clang 0.8.6 10.03 63.18 73.21 OK
r-devel-linux-x86_64-debian-gcc 0.8.6 7.75 47.86 55.61 OK
r-devel-linux-x86_64-fedora-clang 0.8.6 108.17 NOTE
r-devel-linux-x86_64-fedora-gcc 0.8.6 95.78 NOTE
r-devel-windows-x86_64 0.8.6 22.00 89.00 111.00 OK
r-patched-linux-x86_64 0.8.6 6.22 61.24 67.46 OK
r-release-linux-x86_64 0.8.6 6.53 61.12 67.65 OK
r-release-macos-arm64 0.8.6 31.00 NOTE
r-release-macos-x86_64 0.8.6 41.00 NOTE
r-release-windows-x86_64 0.8.6 22.00 90.00 112.00 OK

Check Details

Version: 0.8.6
Check: data for non-ASCII characters
Result: NOTE
     Note: found 2 marked UTF-8 strings
Flavors: r-devel-linux-x86_64-fedora-clang, r-devel-linux-x86_64-fedora-gcc, r-release-macos-arm64, r-release-macos-x86_64