CRAN Package Check Results for Package shinyMolBio

Last updated on 2022-09-27 00:51:15 CEST.

Flavor Version Tinstall Tcheck Ttotal Status Flags
r-devel-linux-x86_64-debian-clang 0.2 9.44 83.99 93.43 NOTE
r-devel-linux-x86_64-debian-gcc 0.2 6.84 60.78 67.62 NOTE
r-devel-linux-x86_64-fedora-clang 0.2 130.63 NOTE
r-devel-linux-x86_64-fedora-gcc 0.2 116.73 NOTE
r-devel-windows-x86_64 0.2 21.00 108.00 129.00 NOTE
r-patched-linux-x86_64 0.2 6.21 80.00 86.21 NOTE
r-release-linux-x86_64 0.2 6.44 77.06 83.50 NOTE
r-release-macos-arm64 0.2 35.00 NOTE
r-release-macos-x86_64 0.2 56.00 NOTE
r-release-windows-x86_64 0.2 22.00 106.00 128.00 NOTE
r-oldrel-macos-arm64 0.2 44.00 NOTE
r-oldrel-macos-x86_64 0.2 59.00 NOTE
r-oldrel-windows-ix86+x86_64 0.2 24.00 103.00 127.00 NOTE

Check Details

Version: 0.2
Check: LazyData
Result: NOTE
     'LazyData' is specified without a 'data' directory
Flavors: r-devel-linux-x86_64-debian-clang, r-devel-linux-x86_64-debian-gcc, r-devel-linux-x86_64-fedora-clang, r-devel-linux-x86_64-fedora-gcc, r-devel-windows-x86_64, r-patched-linux-x86_64, r-release-linux-x86_64, r-release-macos-arm64, r-release-macos-x86_64, r-release-windows-x86_64, r-oldrel-macos-arm64, r-oldrel-macos-x86_64, r-oldrel-windows-ix86+x86_64