CRAN Package Check Results for Package shinyLP

Last updated on 2021-06-21 07:49:00 CEST.

Flavor Version Tinstall Tcheck Ttotal Status Flags
r-devel-linux-x86_64-debian-clang 1.1.2 3.34 32.96 36.30 NOTE
r-devel-linux-x86_64-debian-gcc 1.1.2 2.36 26.82 29.18 NOTE
r-devel-linux-x86_64-fedora-clang 1.1.2 52.82 NOTE
r-devel-linux-x86_64-fedora-gcc 1.1.2 42.85 NOTE
r-devel-windows-x86_64 1.1.2 7.00 55.00 62.00 NOTE
r-devel-windows-x86_64-gcc10-UCRT 1.1.2 NOTE
r-patched-linux-x86_64 1.1.2 2.72 32.25 34.97 NOTE
r-patched-solaris-x86 1.1.2 66.90 NOTE
r-release-linux-x86_64 1.1.2 3.24 32.40 35.64 NOTE
r-release-macos-arm64 1.1.2 NOTE
r-release-macos-x86_64 1.1.2 NOTE
r-release-windows-ix86+x86_64 1.1.2 9.00 57.00 66.00 NOTE
r-oldrel-macos-x86_64 1.1.2 OK

Check Details

Version: 1.1.2
Check: LazyData
Result: NOTE
     'LazyData' is specified without a 'data' directory
Flavors: r-devel-linux-x86_64-debian-clang, r-devel-linux-x86_64-debian-gcc, r-devel-linux-x86_64-fedora-clang, r-devel-linux-x86_64-fedora-gcc, r-devel-windows-x86_64, r-devel-windows-x86_64-gcc10-UCRT, r-patched-linux-x86_64, r-patched-solaris-x86, r-release-linux-x86_64, r-release-macos-arm64, r-release-macos-x86_64, r-release-windows-ix86+x86_64