CRAN Package Check Results for Package shinyLP

Last updated on 2022-01-21 02:00:45 CET.

Flavor Version Tinstall Tcheck Ttotal Status Flags
r-devel-linux-x86_64-debian-clang 1.1.2 NOTE
r-devel-linux-x86_64-debian-gcc 1.1.2 2.58 32.45 35.03 NOTE
r-devel-linux-x86_64-fedora-clang 1.1.2 54.54 NOTE
r-devel-linux-x86_64-fedora-gcc 1.1.2 43.07 NOTE
r-devel-windows-x86_64-new-UL 1.1.2 28.00 66.00 94.00 NOTE
r-devel-windows-x86_64-new-TK 1.1.2 NOTE
r-patched-linux-x86_64 1.1.2 3.18 40.54 43.72 NOTE
r-release-linux-x86_64 1.1.2 3.28 40.35 43.63 NOTE
r-release-macos-arm64 1.1.2 NOTE
r-release-macos-x86_64 1.1.2 NOTE
r-release-windows-ix86+x86_64 1.1.2 8.00 56.00 64.00 NOTE
r-oldrel-macos-x86_64 1.1.2 OK
r-oldrel-windows-ix86+x86_64 1.1.2 10.00 53.00 63.00 OK

Check Details

Version: 1.1.2
Check: LazyData
Result: NOTE
     'LazyData' is specified without a 'data' directory
Flavors: r-devel-linux-x86_64-debian-clang, r-devel-linux-x86_64-debian-gcc, r-devel-linux-x86_64-fedora-clang, r-devel-linux-x86_64-fedora-gcc, r-devel-windows-x86_64-new-UL, r-devel-windows-x86_64-new-TK, r-patched-linux-x86_64, r-release-linux-x86_64, r-release-macos-arm64, r-release-macos-x86_64, r-release-windows-ix86+x86_64