CRAN Package Check Results for Package shinyHeatmaply

Last updated on 2021-06-21 19:49:05 CEST.

Flavor Version Tinstall Tcheck Ttotal Status Flags
r-devel-linux-x86_64-debian-clang 0.2.0 8.05 68.63 76.68 NOTE
r-devel-linux-x86_64-debian-gcc 0.2.0 6.38 52.63 59.01 NOTE
r-devel-linux-x86_64-fedora-clang 0.2.0 98.70 NOTE
r-devel-linux-x86_64-fedora-gcc 0.2.0 88.48 NOTE
r-devel-windows-x86_64 0.2.0 12.00 94.00 106.00 NOTE
r-devel-windows-x86_64-gcc10-UCRT 0.2.0 ERROR
r-patched-linux-x86_64 0.2.0 7.39 64.74 72.13 NOTE
r-patched-solaris-x86 0.2.0 131.20 NOTE
r-release-linux-x86_64 0.2.0 6.27 64.58 70.85 NOTE
r-release-macos-arm64 0.2.0 NOTE
r-release-macos-x86_64 0.2.0 NOTE
r-release-windows-ix86+x86_64 0.2.0 19.00 96.00 115.00 NOTE
r-oldrel-macos-x86_64 0.2.0 OK

Check Details

Version: 0.2.0
Check: LazyData
Result: NOTE
     'LazyData' is specified without a 'data' directory
Flavors: r-devel-linux-x86_64-debian-clang, r-devel-linux-x86_64-debian-gcc, r-devel-linux-x86_64-fedora-clang, r-devel-linux-x86_64-fedora-gcc, r-devel-windows-x86_64, r-patched-linux-x86_64, r-patched-solaris-x86, r-release-linux-x86_64, r-release-macos-arm64, r-release-macos-x86_64, r-release-windows-ix86+x86_64

Version: 0.2.0
Check: package dependencies
Result: ERROR
    Packages required but not available: 'heatmaply', 'plotly'
    
    See section 'The DESCRIPTION file' in the 'Writing R Extensions'
    manual.
Flavor: r-devel-windows-x86_64-gcc10-UCRT