CRAN Package Check Results for Package shinyHeatmaply

Last updated on 2022-09-24 18:56:35 CEST.

Flavor Version Tinstall Tcheck Ttotal Status Flags
r-devel-linux-x86_64-debian-clang 0.2.0 9.02 80.19 89.21 NOTE
r-devel-linux-x86_64-debian-gcc 0.2.0 7.50 57.76 65.26 NOTE
r-devel-linux-x86_64-fedora-clang 0.2.0 115.07 NOTE
r-devel-linux-x86_64-fedora-gcc 0.2.0 108.70 NOTE
r-devel-windows-x86_64 0.2.0 19.00 104.00 123.00 NOTE
r-patched-linux-x86_64 0.2.0 6.31 73.80 80.11 NOTE
r-release-linux-x86_64 0.2.0 5.81 74.37 80.18 NOTE
r-release-macos-arm64 0.2.0 32.00 NOTE
r-release-macos-x86_64 0.2.0 56.00 NOTE
r-release-windows-x86_64 0.2.0 30.00 106.00 136.00 NOTE
r-oldrel-macos-arm64 0.2.0 40.00 NOTE
r-oldrel-macos-x86_64 0.2.0 60.00 NOTE
r-oldrel-windows-ix86+x86_64 0.2.0 23.00 106.00 129.00 NOTE

Check Details

Version: 0.2.0
Check: LazyData
Result: NOTE
     'LazyData' is specified without a 'data' directory
Flavors: r-devel-linux-x86_64-debian-clang, r-devel-linux-x86_64-debian-gcc, r-devel-linux-x86_64-fedora-clang, r-devel-linux-x86_64-fedora-gcc, r-devel-windows-x86_64, r-patched-linux-x86_64, r-release-linux-x86_64, r-release-macos-arm64, r-release-macos-x86_64, r-release-windows-x86_64, r-oldrel-macos-arm64, r-oldrel-macos-x86_64, r-oldrel-windows-ix86+x86_64