CRAN Package Check Results for Package shinyFeedback

Last updated on 2021-06-19 01:50:35 CEST.

Flavor Version Tinstall Tcheck Ttotal Status Flags
r-devel-linux-x86_64-debian-clang 0.3.0 3.73 38.27 42.00 NOTE
r-devel-linux-x86_64-debian-gcc 0.3.0 2.57 30.79 33.36 NOTE
r-devel-linux-x86_64-fedora-clang 0.3.0 58.84 NOTE
r-devel-linux-x86_64-fedora-gcc 0.3.0 49.67 NOTE
r-devel-windows-x86_64 0.3.0 11.00 63.00 74.00 NOTE
r-devel-windows-x86_64-gcc10-UCRT 0.3.0 NOTE
r-patched-linux-x86_64 0.3.0 3.91 37.14 41.05 NOTE
r-patched-solaris-x86 0.3.0 74.20 NOTE
r-release-linux-x86_64 0.3.0 3.71 37.07 40.78 NOTE
r-release-macos-arm64 0.3.0 NOTE
r-release-macos-x86_64 0.3.0 NOTE
r-release-windows-ix86+x86_64 0.3.0 9.00 61.00 70.00 NOTE
r-oldrel-macos-x86_64 0.3.0 OK
r-oldrel-windows-ix86+x86_64 0.3.0 8.00 58.00 66.00 OK

Check Details

Version: 0.3.0
Check: LazyData
Result: NOTE
     'LazyData' is specified without a 'data' directory
Flavors: r-devel-linux-x86_64-debian-clang, r-devel-linux-x86_64-debian-gcc, r-devel-linux-x86_64-fedora-clang, r-devel-linux-x86_64-fedora-gcc, r-devel-windows-x86_64, r-devel-windows-x86_64-gcc10-UCRT, r-patched-linux-x86_64, r-patched-solaris-x86, r-release-linux-x86_64, r-release-macos-arm64, r-release-macos-x86_64, r-release-windows-ix86+x86_64