CRAN Package Check Results for Package shinyCohortBuilder

Last updated on 2022-09-30 00:49:27 CEST.

Flavor Version Tinstall Tcheck Ttotal Status Flags
r-devel-linux-x86_64-debian-clang 0.1 8.82 70.41 79.23 OK
r-devel-linux-x86_64-debian-gcc 0.1 5.99 53.58 59.57 OK
r-devel-linux-x86_64-fedora-clang 0.1 116.24 NOTE
r-devel-linux-x86_64-fedora-gcc 0.1 100.19 NOTE
r-devel-windows-x86_64 0.1 150.00 116.00 266.00 OK
r-patched-linux-x86_64 0.1 5.31 66.67 71.98 OK
r-release-linux-x86_64 0.1 5.57 67.07 72.64 OK
r-release-macos-arm64 0.1 32.00 NOTE
r-release-macos-x86_64 0.1 45.00 NOTE
r-release-windows-x86_64 0.1 260.00 117.00 377.00 OK
r-oldrel-macos-arm64 0.1 34.00 NOTE
r-oldrel-macos-x86_64 0.1 50.00 NOTE
r-oldrel-windows-ix86+x86_64 0.1 18.00 99.00 117.00 OK

Check Details

Version: 0.1
Check: dependencies in R code
Result: NOTE
    Namespace in Imports field not imported from: ‘htmltools’
     All declared Imports should be used.
Flavors: r-devel-linux-x86_64-fedora-clang, r-devel-linux-x86_64-fedora-gcc, r-release-macos-arm64, r-release-macos-x86_64, r-oldrel-macos-arm64, r-oldrel-macos-x86_64