CRAN Package Check Results for Package shinyChakraUI

Last updated on 2022-10-06 06:49:47 CEST.

Flavor Version Tinstall Tcheck Ttotal Status Flags
r-devel-linux-x86_64-debian-clang 1.1.1 7.39 52.23 59.62 OK
r-devel-linux-x86_64-debian-gcc 1.1.1 5.99 40.70 46.69 OK
r-devel-linux-x86_64-fedora-clang 1.1.1 89.36 NOTE
r-devel-linux-x86_64-fedora-gcc 1.1.1 79.58 OK
r-devel-windows-x86_64 1.1.1 80.00 90.00 170.00 NOTE
r-patched-linux-x86_64 1.1.1 6.41 49.90 56.31 OK
r-release-linux-x86_64 1.1.1 8.49 49.94 58.43 OK
r-release-macos-arm64 1.1.1 24.00 NOTE
r-release-macos-x86_64 1.1.1 51.00 NOTE
r-release-windows-x86_64 1.1.1 83.00 83.00 166.00 NOTE
r-oldrel-macos-arm64 1.1.1 23.00 NOTE
r-oldrel-macos-x86_64 1.1.1 38.00 NOTE
r-oldrel-windows-ix86+x86_64 1.1.1 19.00 83.00 102.00 NOTE

Check Details

Version: 1.1.1
Check: installed package size
Result: NOTE
     installed size is 20.6Mb
     sub-directories of 1Mb or more:
     www 19.7Mb
Flavors: r-devel-linux-x86_64-fedora-clang, r-devel-windows-x86_64, r-release-macos-arm64, r-release-macos-x86_64, r-release-windows-x86_64, r-oldrel-macos-arm64, r-oldrel-macos-x86_64, r-oldrel-windows-ix86+x86_64